{"id":35,"date":"2024-02-20T10:10:27","date_gmt":"2024-02-20T09:10:27","guid":{"rendered":"https:\/\/event.esalsa.de\/vp-netzwerktreffen-halle\/?page_id=35"},"modified":"2025-09-15T13:48:55","modified_gmt":"2025-09-15T11:48:55","slug":"titel-der-konferenz","status":"publish","type":"page","link":"https:\/\/event.esalsa.de\/vp-netzwerktreffen-halle\/","title":{"rendered":"Netzwerktreffen der Vizepr\u00e4sident:innen f\u00fcr Lehre"},"content":{"rendered":"\n<div class=\"wp-block-group has-global-padding is-layout-constrained wp-block-group-is-layout-constrained\">\n<p class=\"has-text-align-center has-large-font-size\">10. M\u00e4rz 2025<\/p>\n<\/div>\n\n\n\n<div class=\"wp-block-cover alignfull is-light has-custom-content-position is-position-bottom-center\" style=\"min-height:489px;aspect-ratio:unset;\"><img loading=\"lazy\" decoding=\"async\" width=\"2560\" height=\"1472\" class=\"wp-block-cover__image-background wp-image-147\" alt=\"\" src=\"https:\/\/event.esalsa.de\/vp-netzwerktreffen-halle\/wp-content\/uploads\/sites\/20\/2025\/01\/Loewengebaeude-auf-dem-Universitaetsplatz_Norbert-Kaltwasser-1mb-scaled.jpeg\" data-object-fit=\"cover\" srcset=\"https:\/\/event.esalsa.de\/vp-netzwerktreffen-halle\/wp-content\/uploads\/sites\/20\/2025\/01\/Loewengebaeude-auf-dem-Universitaetsplatz_Norbert-Kaltwasser-1mb-scaled.jpeg 2560w, https:\/\/event.esalsa.de\/vp-netzwerktreffen-halle\/wp-content\/uploads\/sites\/20\/2025\/01\/Loewengebaeude-auf-dem-Universitaetsplatz_Norbert-Kaltwasser-1mb-300x173.jpeg 300w, https:\/\/event.esalsa.de\/vp-netzwerktreffen-halle\/wp-content\/uploads\/sites\/20\/2025\/01\/Loewengebaeude-auf-dem-Universitaetsplatz_Norbert-Kaltwasser-1mb-1024x589.jpeg 1024w, https:\/\/event.esalsa.de\/vp-netzwerktreffen-halle\/wp-content\/uploads\/sites\/20\/2025\/01\/Loewengebaeude-auf-dem-Universitaetsplatz_Norbert-Kaltwasser-1mb-768x442.jpeg 768w, https:\/\/event.esalsa.de\/vp-netzwerktreffen-halle\/wp-content\/uploads\/sites\/20\/2025\/01\/Loewengebaeude-auf-dem-Universitaetsplatz_Norbert-Kaltwasser-1mb-1536x883.jpeg 1536w, https:\/\/event.esalsa.de\/vp-netzwerktreffen-halle\/wp-content\/uploads\/sites\/20\/2025\/01\/Loewengebaeude-auf-dem-Universitaetsplatz_Norbert-Kaltwasser-1mb-2048x1178.jpeg 2048w\" sizes=\"auto, (max-width: 2560px) 100vw, 2560px\" \/><span aria-hidden=\"true\" class=\"wp-block-cover__background has-background-dim\" style=\"background-color:#a2acaa\"><\/span><div class=\"wp-block-cover__inner-container has-global-padding is-layout-constrained wp-block-cover-is-layout-constrained\">\n<div class=\"wp-block-buttons is-content-justification-center is-layout-flex wp-container-core-buttons-is-layout-098cc607 wp-block-buttons-is-layout-flex\">\n<div class=\"wp-block-button has-custom-width wp-block-button__width-50 is-style-fill\"><a class=\"wp-block-button__link has-contrast-color has-text-color has-background has-link-color wp-element-button\" href=\"https:\/\/event.esalsa.de\/vp-netzwerktreffen-halle\/konto\/\" style=\"border-style:none;border-width:0px;border-radius:100px;background-color:#b1e053;padding-right:0px;padding-left:0px\" target=\"_blank\" rel=\"noreferrer noopener\">Zur Anmeldung<\/a><\/div>\n<\/div>\n\n\n\n<div class=\"wp-block-buttons alignwide is-content-justification-center is-layout-flex wp-container-core-buttons-is-layout-c124d1c4 wp-block-buttons-is-layout-flex\">\n<div class=\"wp-block-button has-custom-width wp-block-button__width-50\"><a class=\"wp-block-button__link has-contrast-color has-text-color has-background has-link-color has-text-align-center wp-element-button\" href=\"https:\/\/event.esalsa.de\/vp-netzwerktreffen-halle\/programm\/\" style=\"background-color:#b1e053;padding-right:0px;padding-left:0px\" target=\"_blank\" rel=\"noreferrer noopener\">Zum Programm <\/a><\/div>\n<\/div>\n<\/div><\/div>\n\n\n\n<div style=\"height:100px\" aria-hidden=\"true\" class=\"wp-block-spacer\"><\/div>\n\n\n\n\n\n\n\n\n<div class=\"ce-congressstate\">\n\n<p>Die Veranstaltung ist abgeschlossen. Vielen Dank an alle Teilnehmenden, Referierenden und Sponsor:Innen f\u00fcr ihre Beitr\u00e4ge und Unterst\u00fctzung. Gemeinsam haben wir wertvolle Einblicke gewonnen und Kontakte gekn\u00fcpft. Wir hoffen, die Veranstaltung war f\u00fcr Sie ebenso bereichernd wie f\u00fcr uns.&nbsp;<\/p>\n\n\n\n<p>F\u00fcr einen R\u00fcckblick und weitere Details besuchen Sie bitte unsere Veranstaltungsdokumentation <strong>[Link].<\/strong> Bleiben Sie f\u00fcr Informationen \u00fcber zuk\u00fcnftige Events mit uns in Verbindung. Herzlichen Dank f\u00fcr Ihre Teilnahme!<\/p>\n\n<\/div>","protected":false},"excerpt":{"rendered":"<p>10. M\u00e4rz 2025<\/p>\n","protected":false},"author":5,"featured_media":0,"parent":0,"menu_order":0,"comment_status":"closed","ping_status":"closed","template":"","meta":{"_acf_changed":false,"footnotes":""},"class_list":["post-35","page","type-page","status-publish","hentry"],"acf":[],"_links":{"self":[{"href":"https:\/\/event.esalsa.de\/vp-netzwerktreffen-halle\/wp-json\/wp\/v2\/pages\/35","targetHints":{"allow":["GET"]}}],"collection":[{"href":"https:\/\/event.esalsa.de\/vp-netzwerktreffen-halle\/wp-json\/wp\/v2\/pages"}],"about":[{"href":"https:\/\/event.esalsa.de\/vp-netzwerktreffen-halle\/wp-json\/wp\/v2\/types\/page"}],"author":[{"embeddable":true,"href":"https:\/\/event.esalsa.de\/vp-netzwerktreffen-halle\/wp-json\/wp\/v2\/users\/5"}],"replies":[{"embeddable":true,"href":"https:\/\/event.esalsa.de\/vp-netzwerktreffen-halle\/wp-json\/wp\/v2\/comments?post=35"}],"version-history":[{"count":16,"href":"https:\/\/event.esalsa.de\/vp-netzwerktreffen-halle\/wp-json\/wp\/v2\/pages\/35\/revisions"}],"predecessor-version":[{"id":224,"href":"https:\/\/event.esalsa.de\/vp-netzwerktreffen-halle\/wp-json\/wp\/v2\/pages\/35\/revisions\/224"}],"wp:attachment":[{"href":"https:\/\/event.esalsa.de\/vp-netzwerktreffen-halle\/wp-json\/wp\/v2\/media?parent=35"}],"curies":[{"name":"wp","href":"https:\/\/api.w.org\/{rel}","templated":true}]}}

Netzwerktreffen der Vizepräsident:innen für Lehre

<div class="wp-block-group has-global-padding is-layout-constrained wp-block-group-is-layout-constrained">
<p class="has-text-align-center has-large-font-size">10. März 2025</p>
</div>



<div class="wp-block-cover alignfull is-light has-custom-content-position is-position-bottom-center" style="min-height:489px;aspect-ratio:unset;"><img loading="lazy" decoding="async" width="2560" height="1472" class="wp-block-cover__image-background wp-image-147" alt="" src="https://event.esalsa.de/vp-netzwerktreffen-halle/wp-content/uploads/sites/20/2025/01/Loewengebaeude-auf-dem-Universitaetsplatz_Norbert-Kaltwasser-1mb-scaled.jpeg" data-object-fit="cover" srcset="https://event.esalsa.de/vp-netzwerktreffen-halle/wp-content/uploads/sites/20/2025/01/Loewengebaeude-auf-dem-Universitaetsplatz_Norbert-Kaltwasser-1mb-scaled.jpeg 2560w, https://event.esalsa.de/vp-netzwerktreffen-halle/wp-content/uploads/sites/20/2025/01/Loewengebaeude-auf-dem-Universitaetsplatz_Norbert-Kaltwasser-1mb-300x173.jpeg 300w, https://event.esalsa.de/vp-netzwerktreffen-halle/wp-content/uploads/sites/20/2025/01/Loewengebaeude-auf-dem-Universitaetsplatz_Norbert-Kaltwasser-1mb-1024x589.jpeg 1024w, https://event.esalsa.de/vp-netzwerktreffen-halle/wp-content/uploads/sites/20/2025/01/Loewengebaeude-auf-dem-Universitaetsplatz_Norbert-Kaltwasser-1mb-768x442.jpeg 768w, https://event.esalsa.de/vp-netzwerktreffen-halle/wp-content/uploads/sites/20/2025/01/Loewengebaeude-auf-dem-Universitaetsplatz_Norbert-Kaltwasser-1mb-1536x883.jpeg 1536w, https://event.esalsa.de/vp-netzwerktreffen-halle/wp-content/uploads/sites/20/2025/01/Loewengebaeude-auf-dem-Universitaetsplatz_Norbert-Kaltwasser-1mb-2048x1178.jpeg 2048w" sizes="auto, (max-width: 2560px) 100vw, 2560px" /><span aria-hidden="true" class="wp-block-cover__background has-background-dim" style="background-color:#a2acaa"></span><div class="wp-block-cover__inner-container has-global-padding is-layout-constrained wp-block-cover-is-layout-constrained">
<div class="wp-block-buttons is-content-justification-center is-layout-flex wp-container-core-buttons-is-layout-098cc607 wp-block-buttons-is-layout-flex">
<div class="wp-block-button has-custom-width wp-block-button__width-50 is-style-fill"><a class="wp-block-button__link has-contrast-color has-text-color has-background has-link-color wp-element-button" href="https://event.esalsa.de/vp-netzwerktreffen-halle/konto/" style="border-style:none;border-width:0px;border-radius:100px;background-color:#b1e053;padding-right:0px;padding-left:0px" target="_blank" rel="noreferrer noopener">Zur Anmeldung</a></div>
</div>



<div class="wp-block-buttons alignwide is-content-justification-center is-layout-flex wp-container-core-buttons-is-layout-c124d1c4 wp-block-buttons-is-layout-flex">
<div class="wp-block-button has-custom-width wp-block-button__width-50"><a class="wp-block-button__link has-contrast-color has-text-color has-background has-link-color has-text-align-center wp-element-button" href="https://event.esalsa.de/vp-netzwerktreffen-halle/programm/" style="background-color:#b1e053;padding-right:0px;padding-left:0px" target="_blank" rel="noreferrer noopener">Zum Programm </a></div>
</div>
</div></div>



<div style="height:100px" aria-hidden="true" class="wp-block-spacer"></div>








<div class="ce-congressstate">

<p>Die Veranstaltung ist abgeschlossen. Vielen Dank an alle Teilnehmenden, Referierenden und Sponsor:Innen für ihre Beiträge und Unterstützung. Gemeinsam haben wir wertvolle Einblicke gewonnen und Kontakte geknüpft. Wir hoffen, die Veranstaltung war für Sie ebenso bereichernd wie für uns.&nbsp;</p>



<p>Für einen Rückblick und weitere Details besuchen Sie bitte unsere Veranstaltungsdokumentation <strong>[Link].</strong> Bleiben Sie für Informationen über zukünftige Events mit uns in Verbindung. Herzlichen Dank für Ihre Teilnahme!</p>

</div>

<p>10. März 2025</p>
