{"id":29,"date":"2024-02-20T10:08:49","date_gmt":"2024-02-20T09:08:49","guid":{"rendered":"https:\/\/event.esalsa.de\/vp-netzwerktreffen-halle\/?page_id=29"},"modified":"2025-01-14T15:17:57","modified_gmt":"2025-01-14T14:17:57","slug":"rednerinnen","status":"publish","type":"page","link":"https:\/\/event.esalsa.de\/vp-netzwerktreffen-halle\/rednerinnen\/","title":{"rendered":"Organisatorisches"},"content":{"rendered":"\n<p><\/p>\n\n\n\n<h4 class=\"wp-block-heading\">Vorabenddinner<\/h4>\n\n\n\n<p>F\u00fcr alle Teilnehmer:innen die schon am Vortag anreisen besteht die M\u00f6glichkeit einer gemeinsamen Stadtf\u00fchrung durch die Altstadt mit einem anschlie\u00dfenden gemeinsamen Dinner. Entsprechend der Anzahl an R\u00fcckmeldungen werden wir einen Tisch ab 19.00 Uhr reservieren.<\/p>\n\n\n\n<p><strong>Bitte beachten Sie, dass die Kosten des Dinners nicht vom Veranstalter \u00fcbernommen werden und die Teilnahme auf Selbstzahlerbasis stattfindet.<\/strong><\/p>\n\n\n\n<hr class=\"wp-block-separator has-alpha-channel-opacity\" \/>\n\n\n\n<h4 class=\"wp-block-heading\">Online-Teilnahme<\/h4>\n\n\n\n<p>Nachdem Interesse an einer virtuellen Teilnahme bekundet wurde, bieten wir auch die M\u00f6glichkeit an, an der Tagung online teilzunehmen, falls eine Teilnahme vor Ort nicht m\u00f6glich ist.&nbsp;<\/p>\n\n\n\n<p><strong>Bitte teilen Sie uns mit, falls Sie dieses Angebot in Anspruch nehmen m\u00f6chten.<\/strong><\/p>\n\n\n\n<p class=\"has-background\" style=\"background-color:#b1e053\">Bei R\u00fcckmeldungen und Fragen schreiben Sie uns gerne an\u00a0<a href=\"mailto:vp-treffen@uni-halle.de\"><strong>vp-treffen@uni-halle.de<\/strong><\/a><\/p>\n\n\n\n<p><\/p>\n","protected":false},"excerpt":{"rendered":"<p>Vorabenddinner F\u00fcr alle Teilnehmer:innen die schon am Vortag anreisen besteht die M\u00f6glichkeit einer gemeinsamen Stadtf\u00fchrung durch die Altstadt mit einem anschlie\u00dfenden gemeinsamen Dinner. Entsprechend der Anzahl an R\u00fcckmeldungen werden wir einen Tisch ab 19.00 Uhr reservieren. Bitte beachten Sie, dass die Kosten des Dinners nicht vom Veranstalter \u00fcbernommen werden und die Teilnahme auf Selbstzahlerbasis stattfindet. [&hellip;]<\/p>\n","protected":false},"author":5,"featured_media":0,"parent":0,"menu_order":0,"comment_status":"closed","ping_status":"closed","template":"","meta":{"_acf_changed":false,"footnotes":""},"class_list":["post-29","page","type-page","status-publish","hentry"],"acf":[],"_links":{"self":[{"href":"https:\/\/event.esalsa.de\/vp-netzwerktreffen-halle\/wp-json\/wp\/v2\/pages\/29","targetHints":{"allow":["GET"]}}],"collection":[{"href":"https:\/\/event.esalsa.de\/vp-netzwerktreffen-halle\/wp-json\/wp\/v2\/pages"}],"about":[{"href":"https:\/\/event.esalsa.de\/vp-netzwerktreffen-halle\/wp-json\/wp\/v2\/types\/page"}],"author":[{"embeddable":true,"href":"https:\/\/event.esalsa.de\/vp-netzwerktreffen-halle\/wp-json\/wp\/v2\/users\/5"}],"replies":[{"embeddable":true,"href":"https:\/\/event.esalsa.de\/vp-netzwerktreffen-halle\/wp-json\/wp\/v2\/comments?post=29"}],"version-history":[{"count":6,"href":"https:\/\/event.esalsa.de\/vp-netzwerktreffen-halle\/wp-json\/wp\/v2\/pages\/29\/revisions"}],"predecessor-version":[{"id":177,"href":"https:\/\/event.esalsa.de\/vp-netzwerktreffen-halle\/wp-json\/wp\/v2\/pages\/29\/revisions\/177"}],"wp:attachment":[{"href":"https:\/\/event.esalsa.de\/vp-netzwerktreffen-halle\/wp-json\/wp\/v2\/media?parent=29"}],"curies":[{"name":"wp","href":"https:\/\/api.w.org\/{rel}","templated":true}]}}

<p></p>



<h4 class="wp-block-heading">Vorabenddinner</h4>



<p>Für alle Teilnehmer:innen die schon am Vortag anreisen besteht die Möglichkeit einer gemeinsamen Stadtführung durch die Altstadt mit einem anschließenden gemeinsamen Dinner. Entsprechend der Anzahl an Rückmeldungen werden wir einen Tisch ab 19.00 Uhr reservieren.</p>



<p><strong>Bitte beachten Sie, dass die Kosten des Dinners nicht vom Veranstalter übernommen werden und die Teilnahme auf Selbstzahlerbasis stattfindet.</strong></p>



<hr class="wp-block-separator has-alpha-channel-opacity" />



<h4 class="wp-block-heading">Online-Teilnahme</h4>



<p>Nachdem Interesse an einer virtuellen Teilnahme bekundet wurde, bieten wir auch die Möglichkeit an, an der Tagung online teilzunehmen, falls eine Teilnahme vor Ort nicht möglich ist.&nbsp;</p>



<p><strong>Bitte teilen Sie uns mit, falls Sie dieses Angebot in Anspruch nehmen möchten.</strong></p>



<p class="has-background" style="background-color:#b1e053">Bei Rückmeldungen und Fragen schreiben Sie uns gerne an <a href="mailto:vp-treffen@uni-halle.de"><strong>vp-treffen@uni-halle.de</strong></a></p>



<p></p>

<p>Vorabenddinner Für alle Teilnehmer:innen die schon am Vortag anreisen besteht die Möglichkeit einer gemeinsamen Stadtführung durch die Altstadt mit einem anschließenden gemeinsamen Dinner. Entsprechend der Anzahl an Rückmeldungen werden wir einen Tisch ab 19.00 Uhr reservieren. Bitte beachten Sie, dass die Kosten des Dinners nicht vom Veranstalter übernommen werden und die Teilnahme auf Selbstzahlerbasis stattfindet. [&hellip;]</p>
