{"id":4,"date":"2024-02-19T15:47:55","date_gmt":"2024-02-19T14:47:55","guid":{"rendered":"https:\/\/event.esalsa.de\/jahrestagung25\/newsletter\/"},"modified":"2025-06-11T11:58:04","modified_gmt":"2025-06-11T09:58:04","slug":"konto","status":"publish","type":"page","link":"https:\/\/event.esalsa.de\/jahrestagung25\/konto\/","title":{"rendered":"Registrierung"},"content":{"rendered":"\n\n<div class=\"ce-registerstatusmessages ce-registerstatusmessages--hint\">\n    <span>Eine Registierung ist leider nicht mehr m\u00f6glich<\/span>\n<\/div>\n\n\n\n<div class=\"wp-block-group has-global-padding is-layout-constrained wp-container-core-group-is-layout-bdbfdc43 wp-block-group-is-layout-constrained\">\n<h3 class=\"wp-block-heading has-text-align-center\">Sie sind bereits registriert? <\/h3>\n\n\n\n<p class=\"has-text-align-center\">Melden Sie sich erneut an (Anmeldemaske unten), um Ihre Registrierung zu Veranstaltungen anzupassen oder Ihr Konto zu l\u00f6schen. Geben Sie einfach Ihre E-Mail-Adresse ein. Sie erhalten umgehend eine E-Mail mit einem Link, \u00fcber den Sie sich einloggen und die gew\u00fcnschten \u00c4nderungen vornehmen k\u00f6nnen.<\/p>\n<\/div>\n\n\n        <div class='tnp tnp-subscription ce-loginwithmail'>\n            <h2>Anmeldung<\/h2>\n            <form method='post' action='https:\/\/event.esalsa.de\/jahrestagung25\/konto\/'>\n            <div class=\"tnp-field tnp-field-email\">\n                <label for='tnp-email--login'>E-Mail-Adresse<\/label>\n                <input id=\"tnp-email--login\" class='tnp-email' type='email' name='resendmail' value='' required>\n                <div class='error'><\/div>\n                <div class='tnp-field tnp-field-button'>\n                    <input class='tnp-submit' type='submit' value='Anmelden'>\n                <\/div>\n            <\/div>\n            <\/form>\n        <\/div>\n    \n\n","protected":false},"excerpt":{"rendered":"<p>Sie sind bereits registriert? Melden Sie sich erneut an (Anmeldemaske unten), um Ihre Registrierung zu Veranstaltungen anzupassen oder Ihr Konto zu l\u00f6schen. Geben Sie einfach Ihre E-Mail-Adresse ein. Sie erhalten umgehend eine E-Mail mit einem Link, \u00fcber den Sie sich einloggen und die gew\u00fcnschten \u00c4nderungen vornehmen k\u00f6nnen.<\/p>\n","protected":false},"author":5,"featured_media":0,"parent":0,"menu_order":0,"comment_status":"closed","ping_status":"closed","template":"","meta":{"_acf_changed":false,"footnotes":""},"class_list":["post-4","page","type-page","status-publish","hentry"],"acf":[],"_links":{"self":[{"href":"https:\/\/event.esalsa.de\/jahrestagung25\/wp-json\/wp\/v2\/pages\/4","targetHints":{"allow":["GET"]}}],"collection":[{"href":"https:\/\/event.esalsa.de\/jahrestagung25\/wp-json\/wp\/v2\/pages"}],"about":[{"href":"https:\/\/event.esalsa.de\/jahrestagung25\/wp-json\/wp\/v2\/types\/page"}],"author":[{"embeddable":true,"href":"https:\/\/event.esalsa.de\/jahrestagung25\/wp-json\/wp\/v2\/users\/5"}],"replies":[{"embeddable":true,"href":"https:\/\/event.esalsa.de\/jahrestagung25\/wp-json\/wp\/v2\/comments?post=4"}],"version-history":[{"count":12,"href":"https:\/\/event.esalsa.de\/jahrestagung25\/wp-json\/wp\/v2\/pages\/4\/revisions"}],"predecessor-version":[{"id":177,"href":"https:\/\/event.esalsa.de\/jahrestagung25\/wp-json\/wp\/v2\/pages\/4\/revisions\/177"}],"wp:attachment":[{"href":"https:\/\/event.esalsa.de\/jahrestagung25\/wp-json\/wp\/v2\/media?parent=4"}],"curies":[{"name":"wp","href":"https:\/\/api.w.org\/{rel}","templated":true}]}}