{"id":29,"date":"2024-02-20T10:08:49","date_gmt":"2024-02-20T09:08:49","guid":{"rendered":"https:\/\/event.esalsa.de\/jahrestagung\/?page_id=29"},"modified":"2024-03-26T12:19:39","modified_gmt":"2024-03-26T11:19:39","slug":"rednerinnen","status":"publish","type":"page","link":"https:\/\/event.esalsa.de\/jahrestagung\/rednerinnen\/","title":{"rendered":"Redner*innen"},"content":{"rendered":"<h2 class=\"wp-block-heading\">Redner*innen<\/h2><div class=\"container ce-speakergrid\">\n\n\n\n<article class=\"llzlobby-speaker\" itemscope itemtype=\"https:\/\/schema.org\/Event\">\n  <div class=\"llzlobby-speaker-wrapper__image\">\n    <img loading=\"lazy\" decoding=\"async\" width=\"800\" height=\"800\" src=\"https:\/\/event.esalsa.de\/jahrestagung\/wp-content\/uploads\/sites\/15\/2024\/10\/Wegmeyer.png\" class=\"llzlobby-speaker__image\" alt=\"\" srcset=\"https:\/\/event.esalsa.de\/jahrestagung\/wp-content\/uploads\/sites\/15\/2024\/10\/Wegmeyer.png 800w, https:\/\/event.esalsa.de\/jahrestagung\/wp-content\/uploads\/sites\/15\/2024\/10\/Wegmeyer-300x300.png 300w, https:\/\/event.esalsa.de\/jahrestagung\/wp-content\/uploads\/sites\/15\/2024\/10\/Wegmeyer-150x150.png 150w, https:\/\/event.esalsa.de\/jahrestagung\/wp-content\/uploads\/sites\/15\/2024\/10\/Wegmeyer-768x768.png 768w\" sizes=\"auto, (max-width: 800px) 100vw, 800px\" \/>  <\/div>\n  <h3 class=\"llzlobby-speaker__title\" itemprop=\"name\">\n    <a itemprop=\"url\" href=\"https:\/\/event.esalsa.de\/jahrestagung\/speaker\/nadine-wegmeyer\/\" target=\"_self\" class=\"stretched-link\">Nadine Wegmeyer<\/a>\n  <\/h3>\n  <p class=\"llzlobby-speaker__description\" itemprop=\"description\">Nadine Wegmeyer\u00a0arbeitet als wissenschaftliche Mitarbeiterin im Projekt eSALSA. Ihr Arbeitsgebiet ist hierbei die bedarfsorientierte Entwicklung und Durchf\u00fchrung von Weiterbildungsangeboten zu&#8230;<\/p>\n  <div class=\"llzlobby-event-wrapper__more\">\n  <a itemprop=\"url\" href=\"https:\/\/event.esalsa.de\/jahrestagung\/speaker\/nadine-wegmeyer\/\" target=\"_self\" class=\"button--more stretched-link\">\n    <span>Mehr erfahren >><\/span>\n  <\/a>                                  \n  <\/div>\n<\/article>\n\n\n\n<article class=\"llzlobby-speaker\" itemscope itemtype=\"https:\/\/schema.org\/Event\">\n  <div class=\"llzlobby-speaker-wrapper__image\">\n    <img loading=\"lazy\" decoding=\"async\" width=\"239\" height=\"239\" src=\"https:\/\/event.esalsa.de\/jahrestagung\/wp-content\/uploads\/sites\/15\/2024\/10\/1485349486_2404_0.jpg\" class=\"llzlobby-speaker__image\" alt=\"\" srcset=\"https:\/\/event.esalsa.de\/jahrestagung\/wp-content\/uploads\/sites\/15\/2024\/10\/1485349486_2404_0.jpg 239w, https:\/\/event.esalsa.de\/jahrestagung\/wp-content\/uploads\/sites\/15\/2024\/10\/1485349486_2404_0-150x150.jpg 150w\" sizes=\"auto, (max-width: 239px) 100vw, 239px\" \/>  <\/div>\n  <h3 class=\"llzlobby-speaker__title\" itemprop=\"name\">\n    <a itemprop=\"url\" href=\"https:\/\/event.esalsa.de\/jahrestagung\/speaker\/prof-dr-torsten-schubert\/\" target=\"_self\" class=\"stretched-link\">Prof. Dr. Torsten Schubert<\/a>\n  <\/h3>\n  <p class=\"llzlobby-speaker__description\" itemprop=\"description\">Prof. Dr. Schubert ist studierter Psychologie und Professor f\u00fcr allgemeine und experimentelle Psychologie an der Martin-Luther-Universit\u00e4t Halle-Wittenberg. Seit 2016 ist&#8230;<\/p>\n  <div class=\"llzlobby-event-wrapper__more\">\n  <a itemprop=\"url\" href=\"https:\/\/event.esalsa.de\/jahrestagung\/speaker\/prof-dr-torsten-schubert\/\" target=\"_self\" class=\"button--more stretched-link\">\n    <span>Mehr erfahren >><\/span>\n  <\/a>                                  \n  <\/div>\n<\/article>\n\n\n\n<article class=\"llzlobby-speaker\" itemscope itemtype=\"https:\/\/schema.org\/Event\">\n  <div class=\"llzlobby-speaker-wrapper__image\">\n    <img loading=\"lazy\" decoding=\"async\" width=\"600\" height=\"467\" src=\"https:\/\/event.esalsa.de\/jahrestagung\/wp-content\/uploads\/sites\/15\/2024\/10\/Hochschule_Magdeburg-Stendal_Prof._Dr._von_Enzberg.jpg\" class=\"llzlobby-speaker__image\" alt=\"\" srcset=\"https:\/\/event.esalsa.de\/jahrestagung\/wp-content\/uploads\/sites\/15\/2024\/10\/Hochschule_Magdeburg-Stendal_Prof._Dr._von_Enzberg.jpg 600w, https:\/\/event.esalsa.de\/jahrestagung\/wp-content\/uploads\/sites\/15\/2024\/10\/Hochschule_Magdeburg-Stendal_Prof._Dr._von_Enzberg-300x234.jpg 300w\" sizes=\"auto, (max-width: 600px) 100vw, 600px\" \/>  <\/div>\n  <h3 class=\"llzlobby-speaker__title\" itemprop=\"name\">\n    <a itemprop=\"url\" href=\"https:\/\/event.esalsa.de\/jahrestagung\/speaker\/prof-dr-sebastian-von-enzberg\/\" target=\"_self\" class=\"stretched-link\">Prof. Dr. Sebastian von Enzberg<\/a>\n  <\/h3>\n  <p class=\"llzlobby-speaker__description\" itemprop=\"description\">Prof. Dr. Sebastian von Enzberg ist seit 2023 Professor f\u00fcr K\u00fcnstliche Intelligenz und Technische Informatik, sowie FB Ingenieurwesen und Industriedesign&#8230;<\/p>\n  <div class=\"llzlobby-event-wrapper__more\">\n  <a itemprop=\"url\" href=\"https:\/\/event.esalsa.de\/jahrestagung\/speaker\/prof-dr-sebastian-von-enzberg\/\" target=\"_self\" class=\"button--more stretched-link\">\n    <span>Mehr erfahren >><\/span>\n  <\/a>                                  \n  <\/div>\n<\/article>\n\n\n\n<article class=\"llzlobby-speaker\" itemscope itemtype=\"https:\/\/schema.org\/Event\">\n  <div class=\"llzlobby-speaker-wrapper__image\">\n    <img loading=\"lazy\" decoding=\"async\" width=\"280\" height=\"280\" src=\"https:\/\/event.esalsa.de\/jahrestagung\/wp-content\/uploads\/sites\/15\/2024\/10\/Kaftan_Hans-Juergen_280x280.jpg\" class=\"llzlobby-speaker__image\" alt=\"\" srcset=\"https:\/\/event.esalsa.de\/jahrestagung\/wp-content\/uploads\/sites\/15\/2024\/10\/Kaftan_Hans-Juergen_280x280.jpg 280w, https:\/\/event.esalsa.de\/jahrestagung\/wp-content\/uploads\/sites\/15\/2024\/10\/Kaftan_Hans-Juergen_280x280-150x150.jpg 150w\" sizes=\"auto, (max-width: 280px) 100vw, 280px\" \/>  <\/div>\n  <h3 class=\"llzlobby-speaker__title\" itemprop=\"name\">\n    <a itemprop=\"url\" href=\"https:\/\/event.esalsa.de\/jahrestagung\/speaker\/prof-dr-hans-juergen-kaftan\/\" target=\"_self\" class=\"stretched-link\">Prof. Dr. Hans-J\u00fcrgen Kaftan<\/a>\n  <\/h3>\n  <p class=\"llzlobby-speaker__description\" itemprop=\"description\">Prof. Dr. Kaftan ist seit 2006 Professor f\u00fcr Allgemeine Betriebswirtschaftslehre im Fachbereich Elektrotechnik, Maschinenbau und Wirtschaftsingenieurwesen an der Hochschule Anhalt&#8230;.<\/p>\n  <div class=\"llzlobby-event-wrapper__more\">\n  <a itemprop=\"url\" href=\"https:\/\/event.esalsa.de\/jahrestagung\/speaker\/prof-dr-hans-juergen-kaftan\/\" target=\"_self\" class=\"button--more stretched-link\">\n    <span>Mehr erfahren >><\/span>\n  <\/a>                                  \n  <\/div>\n<\/article>\n\n\n\n<article class=\"llzlobby-speaker\" itemscope itemtype=\"https:\/\/schema.org\/Event\">\n  <div class=\"llzlobby-speaker-wrapper__image\">\n    <img loading=\"lazy\" decoding=\"async\" width=\"800\" height=\"800\" src=\"https:\/\/event.esalsa.de\/jahrestagung\/wp-content\/uploads\/sites\/15\/2024\/10\/Kotzanek.jpg\" class=\"llzlobby-speaker__image\" alt=\"\" srcset=\"https:\/\/event.esalsa.de\/jahrestagung\/wp-content\/uploads\/sites\/15\/2024\/10\/Kotzanek.jpg 800w, https:\/\/event.esalsa.de\/jahrestagung\/wp-content\/uploads\/sites\/15\/2024\/10\/Kotzanek-300x300.jpg 300w, https:\/\/event.esalsa.de\/jahrestagung\/wp-content\/uploads\/sites\/15\/2024\/10\/Kotzanek-150x150.jpg 150w, https:\/\/event.esalsa.de\/jahrestagung\/wp-content\/uploads\/sites\/15\/2024\/10\/Kotzanek-768x768.jpg 768w\" sizes=\"auto, (max-width: 800px) 100vw, 800px\" \/>  <\/div>\n  <h3 class=\"llzlobby-speaker__title\" itemprop=\"name\">\n    <a itemprop=\"url\" href=\"https:\/\/event.esalsa.de\/jahrestagung\/speaker\/andre-kotzanek\/\" target=\"_self\" class=\"stretched-link\">Andr\u00e9 Kotzanek<\/a>\n  <\/h3>\n  <p class=\"llzlobby-speaker__description\" itemprop=\"description\">Als Projektmitarbeiter im Verbundprojekt eSALSA bringt Andr\u00e9 Kotzanek seine Expertise im Kompetenzzirkel E-Pr\u00fcfungen ein. Der Schwerpunkt liegt auf der Entwicklung&#8230;<\/p>\n  <div class=\"llzlobby-event-wrapper__more\">\n  <a itemprop=\"url\" href=\"https:\/\/event.esalsa.de\/jahrestagung\/speaker\/andre-kotzanek\/\" target=\"_self\" class=\"button--more stretched-link\">\n    <span>Mehr erfahren >><\/span>\n  <\/a>                                  \n  <\/div>\n<\/article>\n\n\n\n<article class=\"llzlobby-speaker\" itemscope itemtype=\"https:\/\/schema.org\/Event\">\n  <div class=\"llzlobby-speaker-wrapper__image\">\n    <img loading=\"lazy\" decoding=\"async\" width=\"1027\" height=\"1027\" src=\"https:\/\/event.esalsa.de\/jahrestagung\/wp-content\/uploads\/sites\/15\/2024\/10\/media.png\" class=\"llzlobby-speaker__image\" alt=\"\" srcset=\"https:\/\/event.esalsa.de\/jahrestagung\/wp-content\/uploads\/sites\/15\/2024\/10\/media.png 1027w, https:\/\/event.esalsa.de\/jahrestagung\/wp-content\/uploads\/sites\/15\/2024\/10\/media-300x300.png 300w, https:\/\/event.esalsa.de\/jahrestagung\/wp-content\/uploads\/sites\/15\/2024\/10\/media-1024x1024.png 1024w, https:\/\/event.esalsa.de\/jahrestagung\/wp-content\/uploads\/sites\/15\/2024\/10\/media-150x150.png 150w, https:\/\/event.esalsa.de\/jahrestagung\/wp-content\/uploads\/sites\/15\/2024\/10\/media-768x768.png 768w\" sizes=\"auto, (max-width: 1027px) 100vw, 1027px\" \/>  <\/div>\n  <h3 class=\"llzlobby-speaker__title\" itemprop=\"name\">\n    <a itemprop=\"url\" href=\"https:\/\/event.esalsa.de\/jahrestagung\/speaker\/prof-mike-scherfner\/\" target=\"_self\" class=\"stretched-link\">Dr. Maik Reddiger<\/a>\n  <\/h3>\n  <p class=\"llzlobby-speaker__description\" itemprop=\"description\">Dr. Maik Reddiger ist promovierter mathematischer Physiker mit Spezialisierung in den Grundlagen der Quantentheorie. Im letzten und vorletzten Jahr betrieb&#8230;<\/p>\n  <div class=\"llzlobby-event-wrapper__more\">\n  <a itemprop=\"url\" href=\"https:\/\/event.esalsa.de\/jahrestagung\/speaker\/prof-mike-scherfner\/\" target=\"_self\" class=\"button--more stretched-link\">\n    <span>Mehr erfahren >><\/span>\n  <\/a>                                  \n  <\/div>\n<\/article>\n\n\n\n<article class=\"llzlobby-speaker\" itemscope itemtype=\"https:\/\/schema.org\/Event\">\n  <div class=\"llzlobby-speaker-wrapper__image\">\n    <img loading=\"lazy\" decoding=\"async\" width=\"800\" height=\"800\" src=\"https:\/\/event.esalsa.de\/jahrestagung\/wp-content\/uploads\/sites\/15\/2024\/10\/Hawlitschek.png\" class=\"llzlobby-speaker__image\" alt=\"\" srcset=\"https:\/\/event.esalsa.de\/jahrestagung\/wp-content\/uploads\/sites\/15\/2024\/10\/Hawlitschek.png 800w, https:\/\/event.esalsa.de\/jahrestagung\/wp-content\/uploads\/sites\/15\/2024\/10\/Hawlitschek-300x300.png 300w, https:\/\/event.esalsa.de\/jahrestagung\/wp-content\/uploads\/sites\/15\/2024\/10\/Hawlitschek-150x150.png 150w, https:\/\/event.esalsa.de\/jahrestagung\/wp-content\/uploads\/sites\/15\/2024\/10\/Hawlitschek-768x768.png 768w\" sizes=\"auto, (max-width: 800px) 100vw, 800px\" \/>  <\/div>\n  <h3 class=\"llzlobby-speaker__title\" itemprop=\"name\">\n    <a itemprop=\"url\" href=\"https:\/\/event.esalsa.de\/jahrestagung\/speaker\/dr-anja-hawlitkschek\/\" target=\"_self\" class=\"stretched-link\">Dr. Anja Hawlitschek<\/a>\n  <\/h3>\n  <p class=\"llzlobby-speaker__description\" itemprop=\"description\">Dr. Anja Hawlitschek ist wissenschaftliche Mitarbeiterin am Lehrstuhl f\u00fcr Hochschulforschung und Professionalisierung der akademischen Lehre der Universit\u00e4t Magdeburg. Sie erforscht&#8230;<\/p>\n  <div class=\"llzlobby-event-wrapper__more\">\n  <a itemprop=\"url\" href=\"https:\/\/event.esalsa.de\/jahrestagung\/speaker\/dr-anja-hawlitkschek\/\" target=\"_self\" class=\"button--more stretched-link\">\n    <span>Mehr erfahren >><\/span>\n  <\/a>                                  \n  <\/div>\n<\/article>\n\n\n\n<article class=\"llzlobby-speaker\" itemscope itemtype=\"https:\/\/schema.org\/Event\">\n  <div class=\"llzlobby-speaker-wrapper__image\">\n    <img loading=\"lazy\" decoding=\"async\" width=\"800\" height=\"800\" src=\"https:\/\/event.esalsa.de\/jahrestagung\/wp-content\/uploads\/sites\/15\/2024\/10\/bauermeister.jpg\" class=\"llzlobby-speaker__image\" alt=\"\" srcset=\"https:\/\/event.esalsa.de\/jahrestagung\/wp-content\/uploads\/sites\/15\/2024\/10\/bauermeister.jpg 800w, https:\/\/event.esalsa.de\/jahrestagung\/wp-content\/uploads\/sites\/15\/2024\/10\/bauermeister-300x300.jpg 300w, https:\/\/event.esalsa.de\/jahrestagung\/wp-content\/uploads\/sites\/15\/2024\/10\/bauermeister-150x150.jpg 150w, https:\/\/event.esalsa.de\/jahrestagung\/wp-content\/uploads\/sites\/15\/2024\/10\/bauermeister-768x768.jpg 768w\" sizes=\"auto, (max-width: 800px) 100vw, 800px\" \/>  <\/div>\n  <h3 class=\"llzlobby-speaker__title\" itemprop=\"name\">\n    <a itemprop=\"url\" href=\"https:\/\/event.esalsa.de\/jahrestagung\/speaker\/falk-bauermeister\/\" target=\"_self\" class=\"stretched-link\">Falk Bauermeister<\/a>\n  <\/h3>\n  <p class=\"llzlobby-speaker__description\" itemprop=\"description\">Falk Bauermeister ist studierter Sozialwissenschaftler und Erwachsenenbildner. Seit 2021 arbeitet er als wissenschaftlicher Mitarbeiter in verschiedenen Projekten an der Otto-von-Guericke-Universit\u00e4t&#8230;<\/p>\n  <div class=\"llzlobby-event-wrapper__more\">\n  <a itemprop=\"url\" href=\"https:\/\/event.esalsa.de\/jahrestagung\/speaker\/falk-bauermeister\/\" target=\"_self\" class=\"button--more stretched-link\">\n    <span>Mehr erfahren >><\/span>\n  <\/a>                                  \n  <\/div>\n<\/article>\n\n\n\n<article class=\"llzlobby-speaker\" itemscope itemtype=\"https:\/\/schema.org\/Event\">\n  <div class=\"llzlobby-speaker-wrapper__image\">\n    <img loading=\"lazy\" decoding=\"async\" width=\"340\" height=\"340\" src=\"https:\/\/event.esalsa.de\/jahrestagung\/wp-content\/uploads\/sites\/15\/2024\/10\/Johannes_Koch.jpg\" class=\"llzlobby-speaker__image\" alt=\"\" \/>  <\/div>\n  <h3 class=\"llzlobby-speaker__title\" itemprop=\"name\">\n    <a itemprop=\"url\" href=\"https:\/\/event.esalsa.de\/jahrestagung\/speaker\/johannes-koch\/\" target=\"_self\" class=\"stretched-link\">Johannes Koch<\/a>\n  <\/h3>\n  <p class=\"llzlobby-speaker__description\" itemprop=\"description\">Johannes Koch engaiert sich im Bereich OER in Form von Workshops, Medienproduktion (Videos, CorporateDesign, MOOCs) und Community Building. Zuvor war&#8230;<\/p>\n  <div class=\"llzlobby-event-wrapper__more\">\n  <a itemprop=\"url\" href=\"https:\/\/event.esalsa.de\/jahrestagung\/speaker\/johannes-koch\/\" target=\"_self\" class=\"button--more stretched-link\">\n    <span>Mehr erfahren >><\/span>\n  <\/a>                                  \n  <\/div>\n<\/article>\n\n\n\n<article class=\"llzlobby-speaker\" itemscope itemtype=\"https:\/\/schema.org\/Event\">\n  <div class=\"llzlobby-speaker-wrapper__image\">\n    <img loading=\"lazy\" decoding=\"async\" width=\"400\" height=\"400\" src=\"https:\/\/event.esalsa.de\/jahrestagung\/wp-content\/uploads\/sites\/15\/2024\/10\/4c0d-400o400o2-QeCZhKzZsU2BTW7ithev3V.jpg\" class=\"llzlobby-speaker__image\" alt=\"\" srcset=\"https:\/\/event.esalsa.de\/jahrestagung\/wp-content\/uploads\/sites\/15\/2024\/10\/4c0d-400o400o2-QeCZhKzZsU2BTW7ithev3V.jpg 400w, https:\/\/event.esalsa.de\/jahrestagung\/wp-content\/uploads\/sites\/15\/2024\/10\/4c0d-400o400o2-QeCZhKzZsU2BTW7ithev3V-300x300.jpg 300w, https:\/\/event.esalsa.de\/jahrestagung\/wp-content\/uploads\/sites\/15\/2024\/10\/4c0d-400o400o2-QeCZhKzZsU2BTW7ithev3V-150x150.jpg 150w\" sizes=\"auto, (max-width: 400px) 100vw, 400px\" \/>  <\/div>\n  <h3 class=\"llzlobby-speaker__title\" itemprop=\"name\">\n    <a itemprop=\"url\" href=\"https:\/\/event.esalsa.de\/jahrestagung\/speaker\/martin-drossos\/\" target=\"_self\" class=\"stretched-link\">Martin Drossos<\/a>\n  <\/h3>\n  <p class=\"llzlobby-speaker__description\" itemprop=\"description\">Martin Drossos ist Rechtsexperte f\u00fcr digitales Pr\u00fcfungswesen an der Universit\u00e4t Heidelberg.Nach dem abgeschlossenen Studium der Rechtswissenschaft an der Universit\u00e4t Heidelberg&#8230;<\/p>\n  <div class=\"llzlobby-event-wrapper__more\">\n  <a itemprop=\"url\" href=\"https:\/\/event.esalsa.de\/jahrestagung\/speaker\/martin-drossos\/\" target=\"_self\" class=\"button--more stretched-link\">\n    <span>Mehr erfahren >><\/span>\n  <\/a>                                  \n  <\/div>\n<\/article>\n\n\n\n<article class=\"llzlobby-speaker\" itemscope itemtype=\"https:\/\/schema.org\/Event\">\n  <div class=\"llzlobby-speaker-wrapper__image\">\n    <img loading=\"lazy\" decoding=\"async\" width=\"2390\" height=\"2560\" src=\"https:\/\/event.esalsa.de\/jahrestagung\/wp-content\/uploads\/sites\/15\/2024\/10\/NoreenKrause_foto2020-scaled.jpg\" class=\"llzlobby-speaker__image\" alt=\"\" srcset=\"https:\/\/event.esalsa.de\/jahrestagung\/wp-content\/uploads\/sites\/15\/2024\/10\/NoreenKrause_foto2020-scaled.jpg 2390w, https:\/\/event.esalsa.de\/jahrestagung\/wp-content\/uploads\/sites\/15\/2024\/10\/NoreenKrause_foto2020-280x300.jpg 280w, https:\/\/event.esalsa.de\/jahrestagung\/wp-content\/uploads\/sites\/15\/2024\/10\/NoreenKrause_foto2020-956x1024.jpg 956w, https:\/\/event.esalsa.de\/jahrestagung\/wp-content\/uploads\/sites\/15\/2024\/10\/NoreenKrause_foto2020-768x823.jpg 768w, https:\/\/event.esalsa.de\/jahrestagung\/wp-content\/uploads\/sites\/15\/2024\/10\/NoreenKrause_foto2020-1434x1536.jpg 1434w, https:\/\/event.esalsa.de\/jahrestagung\/wp-content\/uploads\/sites\/15\/2024\/10\/NoreenKrause_foto2020-1912x2048.jpg 1912w\" sizes=\"auto, (max-width: 2390px) 100vw, 2390px\" \/>  <\/div>\n  <h3 class=\"llzlobby-speaker__title\" itemprop=\"name\">\n    <a itemprop=\"url\" href=\"https:\/\/event.esalsa.de\/jahrestagung\/speaker\/noreen-krause\/\" target=\"_self\" class=\"stretched-link\">Noreen Krause<\/a>\n  <\/h3>\n  <p class=\"llzlobby-speaker__description\" itemprop=\"description\">Noreen Krause ist als Projektleitung an der TIB in Hannover aktiv. Nach dem Diplom am Georg-Elias-M\u00fcller-Institut f\u00fcr Psychologie der Universit\u00e4t&#8230;<\/p>\n  <div class=\"llzlobby-event-wrapper__more\">\n  <a itemprop=\"url\" href=\"https:\/\/event.esalsa.de\/jahrestagung\/speaker\/noreen-krause\/\" target=\"_self\" class=\"button--more stretched-link\">\n    <span>Mehr erfahren >><\/span>\n  <\/a>                                  \n  <\/div>\n<\/article>\n\n\n\n<article class=\"llzlobby-speaker\" itemscope itemtype=\"https:\/\/schema.org\/Event\">\n  <div class=\"llzlobby-speaker-wrapper__image\">\n    <img loading=\"lazy\" decoding=\"async\" width=\"1281\" height=\"1280\" src=\"https:\/\/event.esalsa.de\/jahrestagung\/wp-content\/uploads\/sites\/15\/2024\/10\/1308133-Low-Quality-e1693315867349-edited.jpg\" class=\"llzlobby-speaker__image\" alt=\"\" srcset=\"https:\/\/event.esalsa.de\/jahrestagung\/wp-content\/uploads\/sites\/15\/2024\/10\/1308133-Low-Quality-e1693315867349-edited.jpg 1281w, https:\/\/event.esalsa.de\/jahrestagung\/wp-content\/uploads\/sites\/15\/2024\/10\/1308133-Low-Quality-e1693315867349-edited-300x300.jpg 300w, https:\/\/event.esalsa.de\/jahrestagung\/wp-content\/uploads\/sites\/15\/2024\/10\/1308133-Low-Quality-e1693315867349-edited-1024x1024.jpg 1024w, https:\/\/event.esalsa.de\/jahrestagung\/wp-content\/uploads\/sites\/15\/2024\/10\/1308133-Low-Quality-e1693315867349-edited-150x150.jpg 150w, https:\/\/event.esalsa.de\/jahrestagung\/wp-content\/uploads\/sites\/15\/2024\/10\/1308133-Low-Quality-e1693315867349-edited-768x767.jpg 768w\" sizes=\"auto, (max-width: 1281px) 100vw, 1281px\" \/>  <\/div>\n  <h3 class=\"llzlobby-speaker__title\" itemprop=\"name\">\n    <a itemprop=\"url\" href=\"https:\/\/event.esalsa.de\/jahrestagung\/speaker\/thomas-koehler\/\" target=\"_self\" class=\"stretched-link\">Thomas K\u00f6hler<\/a>\n  <\/h3>\n  <p class=\"llzlobby-speaker__description\" itemprop=\"description\">Thomas K\u00f6hler ist studierter Diplomsoziologe und Diplom-Volkswirt. Nach Stationen als Lehrkraft f\u00fcr besondere Aufgaben am Lehrstuhl f\u00fcr Quantitative Methoden der&#8230;<\/p>\n  <div class=\"llzlobby-event-wrapper__more\">\n  <a itemprop=\"url\" href=\"https:\/\/event.esalsa.de\/jahrestagung\/speaker\/thomas-koehler\/\" target=\"_self\" class=\"button--more stretched-link\">\n    <span>Mehr erfahren >><\/span>\n  <\/a>                                  \n  <\/div>\n<\/article><\/div>","protected":false},"excerpt":{"rendered":"","protected":false},"author":5,"featured_media":0,"parent":0,"menu_order":0,"comment_status":"closed","ping_status":"closed","template":"","meta":{"_acf_changed":false,"footnotes":""},"class_list":["post-29","page","type-page","status-publish","hentry"],"acf":[],"_links":{"self":[{"href":"https:\/\/event.esalsa.de\/jahrestagung\/wp-json\/wp\/v2\/pages\/29","targetHints":{"allow":["GET"]}}],"collection":[{"href":"https:\/\/event.esalsa.de\/jahrestagung\/wp-json\/wp\/v2\/pages"}],"about":[{"href":"https:\/\/event.esalsa.de\/jahrestagung\/wp-json\/wp\/v2\/types\/page"}],"author":[{"embeddable":true,"href":"https:\/\/event.esalsa.de\/jahrestagung\/wp-json\/wp\/v2\/users\/5"}],"replies":[{"embeddable":true,"href":"https:\/\/event.esalsa.de\/jahrestagung\/wp-json\/wp\/v2\/comments?post=29"}],"version-history":[{"count":2,"href":"https:\/\/event.esalsa.de\/jahrestagung\/wp-json\/wp\/v2\/pages\/29\/revisions"}],"predecessor-version":[{"id":80,"href":"https:\/\/event.esalsa.de\/jahrestagung\/wp-json\/wp\/v2\/pages\/29\/revisions\/80"}],"wp:attachment":[{"href":"https:\/\/event.esalsa.de\/jahrestagung\/wp-json\/wp\/v2\/media?parent=29"}],"curies":[{"name":"wp","href":"https:\/\/api.w.org\/{rel}","templated":true}]}}