{"id":35,"date":"2024-02-20T10:10:27","date_gmt":"2024-02-20T09:10:27","guid":{"rendered":"https:\/\/event.esalsa.de\/homebusiness\/?page_id=35"},"modified":"2026-02-04T15:18:55","modified_gmt":"2026-02-04T14:18:55","slug":"titel-der-konferenz","status":"publish","type":"page","link":"https:\/\/event.esalsa.de\/homebusiness\/","title":{"rendered":"HoMe BusinessFr\u00fchst\u00fcck &#8222;Impulse f\u00fcr die regionale Zukunft\u201c"},"content":{"rendered":"\n<figure class=\"wp-block-gallery has-nested-images columns-default is-cropped wp-block-gallery-1 is-layout-flex wp-block-gallery-is-layout-flex\">\n<figure class=\"wp-block-image size-large\"><img loading=\"lazy\" decoding=\"async\" width=\"576\" height=\"500\" data-id=\"234\" src=\"https:\/\/event.esalsa.de\/homebusiness\/wp-content\/uploads\/sites\/82\/2026\/02\/csm_HoMe_BusinessFruehstueck_576x500_-_HoMeAkademie_cafce28d46.webp\" alt=\"\" class=\"wp-image-234\" srcset=\"https:\/\/event.esalsa.de\/homebusiness\/wp-content\/uploads\/sites\/82\/2026\/02\/csm_HoMe_BusinessFruehstueck_576x500_-_HoMeAkademie_cafce28d46.webp 576w, https:\/\/event.esalsa.de\/homebusiness\/wp-content\/uploads\/sites\/82\/2026\/02\/csm_HoMe_BusinessFruehstueck_576x500_-_HoMeAkademie_cafce28d46-300x260.webp 300w\" sizes=\"auto, (max-width: 576px) 100vw, 576px\" \/><\/figure>\n<\/figure>\n\n\n\n\n\n\n\n\n<div class=\"ce-congressstate\">\n\n<p>Die Veranstaltung ist abgeschlossen. Vielen Dank an alle Teilnehmenden, Referierenden und Sponsor:Innen f\u00fcr ihre Beitr\u00e4ge und Unterst\u00fctzung. Gemeinsam haben wir wertvolle Einblicke gewonnen und Kontakte gekn\u00fcpft. Wir hoffen, die Veranstaltung war f\u00fcr Sie ebenso bereichernd wie f\u00fcr uns.&nbsp;<\/p>\n\n\n\n<p>Herzlichen Dank f\u00fcr Ihre Teilnahme!<\/p>\n\n<\/div>\n\n\n<div style=\"height:100px\" aria-hidden=\"true\" class=\"wp-block-spacer\"><\/div>\n","protected":false},"excerpt":{"rendered":"","protected":false},"author":5,"featured_media":0,"parent":0,"menu_order":0,"comment_status":"closed","ping_status":"closed","template":"","meta":{"_acf_changed":false,"footnotes":""},"class_list":["post-35","page","type-page","status-publish","hentry"],"acf":[],"_links":{"self":[{"href":"https:\/\/event.esalsa.de\/homebusiness\/wp-json\/wp\/v2\/pages\/35","targetHints":{"allow":["GET"]}}],"collection":[{"href":"https:\/\/event.esalsa.de\/homebusiness\/wp-json\/wp\/v2\/pages"}],"about":[{"href":"https:\/\/event.esalsa.de\/homebusiness\/wp-json\/wp\/v2\/types\/page"}],"author":[{"embeddable":true,"href":"https:\/\/event.esalsa.de\/homebusiness\/wp-json\/wp\/v2\/users\/5"}],"replies":[{"embeddable":true,"href":"https:\/\/event.esalsa.de\/homebusiness\/wp-json\/wp\/v2\/comments?post=35"}],"version-history":[{"count":41,"href":"https:\/\/event.esalsa.de\/homebusiness\/wp-json\/wp\/v2\/pages\/35\/revisions"}],"predecessor-version":[{"id":257,"href":"https:\/\/event.esalsa.de\/homebusiness\/wp-json\/wp\/v2\/pages\/35\/revisions\/257"}],"wp:attachment":[{"href":"https:\/\/event.esalsa.de\/homebusiness\/wp-json\/wp\/v2\/media?parent=35"}],"curies":[{"name":"wp","href":"https:\/\/api.w.org\/{rel}","templated":true}]}}