{"id":458,"date":"2025-04-07T08:26:14","date_gmt":"2025-04-07T06:26:14","guid":{"rendered":"https:\/\/event.esalsa.de\/hochschulforum\/?post_type=event&#038;p=458"},"modified":"2025-11-11T12:22:36","modified_gmt":"2025-11-11T11:22:36","slug":"behindert-sein-behindert-werden-inklusion-in-theorie-und-praxis-erfahren","status":"publish","type":"event","link":"https:\/\/event.esalsa.de\/hochschulforum\/event\/behindert-sein-behindert-werden-inklusion-in-theorie-und-praxis-erfahren\/","title":{"rendered":"Teil 2: Behindert sein? Behindert werden? Inklusion in Theorie und Praxis erfahren."},"content":{"rendered":"\n<h3 class=\"wp-block-heading\">Teil 2 &#8211; Chancen er\u00f6rten<\/h3>\n\n\n\n<p>Seit f\u00fcnf Jahren lehren f\u00fcnf Bildungsfachkraft am <a href=\"http:\/\/h2.de\/kib\">Kompetenzzentrum Inklusive Bildung<\/a> Sachsen-Anhalt der Hochschule Magdeburg-Stendal. Als Expert:innen in eigener Sache lehren Sie an Hochschulen zu den Themen Barrierefreiheit und Teilhabe, sowie den Chancen von Inklusion.<\/p>\n\n\n\n<p>\ud83d\udd39 <strong>Teil 1 (10.30 &#8211; 11.30 Uhr) <\/strong>&#8211; Erkunde Barrieren!<br>Am Vormittag testen wir mit geeigneten Hilfsmitteln den Stendaler Hochschulcampus auf die verschiedenen Facetten von Barrierefreiheit.<br>Am Nachmittag werden im <a href=\"https:\/\/event.esalsa.de\/hochschulforum\/event\/behindert-sein-behindert-werden-inklusion-in-theorie-und-praxis-erfahren\/\" target=\"_blank\" rel=\"noreferrer noopener\">2. Teil gemeinsam die Chancen er\u00f6rtert. <\/a><\/p>\n\n\n\n<p>\ud83d\udd39 <strong>Teil 2<\/strong> <strong>(13.30 &#8211; 14.00 Uhr) <\/strong>&#8211; Er\u00f6rtere die Chancen!<br>Ankn\u00fcpfend an die gemeinsame <a href=\"https:\/\/event.esalsa.de\/hochschulforum\/event\/barrieren-erkunden\/\" target=\"_blank\" rel=\"noreferrer noopener\">Erkundung von Barrieren<\/a> in Teil 1 der Veranstaltung erarbeiten wir im zweiten Teil dialogisch mit den Bildungsfachkr\u00e4ften m\u00f6gliche Alltagsbarrieren und die Chancen von Inklusion. Erfahrt, welche Kooperationsm\u00f6glichkeiten es mit dem Kompetenzzentrum Inklusive Bildung Sachsen-Anhalt (KIB) gibt und wie alle von den Bildungsangeboten der Bildungsfachkr\u00e4fte profitieren k\u00f6nnen.<\/p>\n\n\n\n<p><em><strong><mark class=\"has-inline-color has-primary-color\">Der Workshop der Bildungsfachkr\u00e4fte des KiB esteht aus zwei Teilen, die unabh\u00e4ngig voneinander belegt werden k\u00f6nnen. Eine separate Anmeldung zu jedem Teil ist erforderlich<em><strong>.<\/strong><\/em><\/mark><\/strong><\/em><\/p>\n\n\n\n<hr class=\"wp-block-separator has-alpha-channel-opacity\"\/>\n\n\n\n<h2 class=\"wp-block-heading\">Being disabled? Being disabled? Experiencing inclusion in theory and practice<\/h2>\n\n\n\n<h3 class=\"wp-block-heading\">Part 2 &#8211; Discussing opportunities!<\/h3>\n\n\n\n<p>Five education experts have been teaching at the Saxony-Anhalt Inclusive Education Competence Center at Magdeburg-Stendal University of Applied Sciences for five years. As experts in their own right, they teach at universities on the topics of accessibility and participation, as well as the opportunities of inclusion.<br><br>Five education experts have been teaching at the Saxony-Anhalt Inclusive Education Competence Center at Magdeburg-Stendal University of Applied Sciences for five years. As experts in their own right, they teach at universities on the topics of accessibility and participation, as well as the opportunities of inclusion.<br><br><strong>\ud83d\udd39 Part 1 (10.30 &#8211; 11.30) &#8211; Explore barriers!<br><\/strong>In the morning, we will explore the Stendal university campus using suitable tools to test various aspects of accessibility.<br>In the afternoon, during the second part, we will jointly discuss the opportunities (separate registration required).<br><br><strong>\ud83d\udd39 Part 2 (13.30 &#8211; 14.00) &#8211; Discussing opportunities!<br><\/strong>Following on from the joint <a href=\"https:\/\/event.esalsa.de\/hochschulforum\/event\/barrieren-erkunden\/\" target=\"_blank\" rel=\"noreferrer noopener\">exploration of barriers in part 1<\/a>, in the second part we will discuss possible everyday barriers and the opportunities of inclusion with the education professionals. Find out what opportunities there are for cooperation with the Saxony-Anhalt Inclusive Education Competence Center (KIB) and how everyone can benefit from the educational opportunities offered by the education professionals. <\/p>\n\n\n\n<p><strong><em><strong><mark class=\"has-inline-color has-primary-color\">The workshop for KiB education specialists consists of two parts, which can be attended independently of each other. Separate registration for each part is required<\/mark><\/strong><\/em>.<\/strong><\/p>\n\n\n\n<div class=\"wp-block-group alignfull has-global-padding is-layout-constrained wp-block-group-is-layout-constrained\"><\/div>\n","protected":false},"featured_media":0,"template":"","class_list":["post-458","event","type-event","status-publish","hentry"],"acf":[],"_links":{"self":[{"href":"https:\/\/event.esalsa.de\/hochschulforum\/wp-json\/wp\/v2\/event\/458","targetHints":{"allow":["GET"]}}],"collection":[{"href":"https:\/\/event.esalsa.de\/hochschulforum\/wp-json\/wp\/v2\/event"}],"about":[{"href":"https:\/\/event.esalsa.de\/hochschulforum\/wp-json\/wp\/v2\/types\/event"}],"wp:attachment":[{"href":"https:\/\/event.esalsa.de\/hochschulforum\/wp-json\/wp\/v2\/media?parent=458"}],"curies":[{"name":"wp","href":"https:\/\/api.w.org\/{rel}","templated":true}]}}

<h3 class="wp-block-heading">Teil 2 &#8211; Chancen erörten</h3>



<p>Seit fünf Jahren lehren fünf Bildungsfachkraft am <a href="http://h2.de/kib">Kompetenzzentrum Inklusive Bildung</a> Sachsen-Anhalt der Hochschule Magdeburg-Stendal. Als Expert:innen in eigener Sache lehren Sie an Hochschulen zu den Themen Barrierefreiheit und Teilhabe, sowie den Chancen von Inklusion.</p>



<p>🔹 <strong>Teil 1 (10.30 &#8211; 11.30 Uhr) </strong>&#8211; Erkunde Barrieren!<br>Am Vormittag testen wir mit geeigneten Hilfsmitteln den Stendaler Hochschulcampus auf die verschiedenen Facetten von Barrierefreiheit.<br>Am Nachmittag werden im <a href="https://event.esalsa.de/hochschulforum/event/behindert-sein-behindert-werden-inklusion-in-theorie-und-praxis-erfahren/" target="_blank" rel="noreferrer noopener">2. Teil gemeinsam die Chancen erörtert. </a></p>



<p>🔹 <strong>Teil 2</strong> <strong>(13.30 &#8211; 14.00 Uhr) </strong>&#8211; Erörtere die Chancen!<br>Anknüpfend an die gemeinsame <a href="https://event.esalsa.de/hochschulforum/event/barrieren-erkunden/" target="_blank" rel="noreferrer noopener">Erkundung von Barrieren</a> in Teil 1 der Veranstaltung erarbeiten wir im zweiten Teil dialogisch mit den Bildungsfachkräften mögliche Alltagsbarrieren und die Chancen von Inklusion. Erfahrt, welche Kooperationsmöglichkeiten es mit dem Kompetenzzentrum Inklusive Bildung Sachsen-Anhalt (KIB) gibt und wie alle von den Bildungsangeboten der Bildungsfachkräfte profitieren können.</p>



<p><em><strong><mark class="has-inline-color has-primary-color">Der Workshop der Bildungsfachkräfte des KiB esteht aus zwei Teilen, die unabhängig voneinander belegt werden können. Eine separate Anmeldung zu jedem Teil ist erforderlich<em><strong>.</strong></em></mark></strong></em></p>



<hr class="wp-block-separator has-alpha-channel-opacity"/>



<h2 class="wp-block-heading">Being disabled? Being disabled? Experiencing inclusion in theory and practice</h2>



<h3 class="wp-block-heading">Part 2 &#8211; Discussing opportunities!</h3>



<p>Five education experts have been teaching at the Saxony-Anhalt Inclusive Education Competence Center at Magdeburg-Stendal University of Applied Sciences for five years. As experts in their own right, they teach at universities on the topics of accessibility and participation, as well as the opportunities of inclusion.<br><br>Five education experts have been teaching at the Saxony-Anhalt Inclusive Education Competence Center at Magdeburg-Stendal University of Applied Sciences for five years. As experts in their own right, they teach at universities on the topics of accessibility and participation, as well as the opportunities of inclusion.<br><br><strong>🔹 Part 1 (10.30 &#8211; 11.30) &#8211; Explore barriers!<br></strong>In the morning, we will explore the Stendal university campus using suitable tools to test various aspects of accessibility.<br>In the afternoon, during the second part, we will jointly discuss the opportunities (separate registration required).<br><br><strong>🔹 Part 2 (13.30 &#8211; 14.00) &#8211; Discussing opportunities!<br></strong>Following on from the joint <a href="https://event.esalsa.de/hochschulforum/event/barrieren-erkunden/" target="_blank" rel="noreferrer noopener">exploration of barriers in part 1</a>, in the second part we will discuss possible everyday barriers and the opportunities of inclusion with the education professionals. Find out what opportunities there are for cooperation with the Saxony-Anhalt Inclusive Education Competence Center (KIB) and how everyone can benefit from the educational opportunities offered by the education professionals. </p>



<p><strong><em><strong><mark class="has-inline-color has-primary-color">The workshop for KiB education specialists consists of two parts, which can be attended independently of each other. Separate registration for each part is required</mark></strong></em>.</strong></p>



<div class="wp-block-group alignfull has-global-padding is-layout-constrained wp-block-group-is-layout-constrained"></div>
