{"id":186,"date":"2025-02-06T12:12:40","date_gmt":"2025-02-06T11:12:40","guid":{"rendered":"https:\/\/event.esalsa.de\/hochschulforum\/?post_type=event&#038;p=186"},"modified":"2025-04-11T12:18:28","modified_gmt":"2025-04-11T10:18:28","slug":"austauschforum-digitale-lehre","status":"publish","type":"event","link":"https:\/\/event.esalsa.de\/hochschulforum\/event\/austauschforum-digitale-lehre\/","title":{"rendered":"Digitalisierung in Studium und Lehre \u2013 sind wir dann fertig?"},"content":{"rendered":"\n<p>In einer Welt, in der die Digitalisierung von Studium und Lehre erfolgreich abgeschlossen ist, sind digitale Technologien kein Zusatz, sondern ein <strong>nahtlos integrierter Bestandteil<\/strong> eines <strong>exzellenten, individuellen und interaktiven Lernprozesses<\/strong>. Sie erm\u00f6glichen ein Studium, das gleicherma\u00dfen <strong>zug\u00e4nglich, flexibel und inspirierend \u2728<\/strong> ist, ohne dabei die essenziellen Elemente <strong>pers\u00f6nlicher Begegnung \ud83e\udd1d, kritischer Reflexion und kollaborativen Lernens \ud83d\udc65\ud83e\udde0<\/strong> zu vernachl\u00e4ssigen.<\/p>\n\n\n\n<p><strong>Haben wir das geschafft? \ud83e\udd14<\/strong><br>Die Projekte <strong>h\u00b2d\u00b2<\/strong> und <strong>eSALSA<\/strong> laden ein zum <strong>Austausch <\/strong>und zur <strong>Reflexion <strong>\ud83d\udcac<\/strong>\ud83e\ude9e<\/strong>.<br>Was haben wir erreicht? \ud83c\udfc1 <br>Was soll so weitergehen, was kann so weitergehen , was darf auf keinen Fall so weitergehen \u2705\u274c?<\/p>\n\n\n\n<hr class=\"wp-block-separator has-alpha-channel-opacity\" \/>\n\n\n\n<p><strong>+++++++++++ English version +++++++++++<\/strong><\/p>\n\n\n\n<h2 class=\"wp-block-heading\">Digitalization in studying and teaching &#8211; are we finished?<\/h2>\n\n\n\n<p>In a world where the digitalization of studying and teaching has been successfully completed, digital technologies are not an add-on, but a <strong>seamlessly integrated part<\/strong> of an <strong>excellent, individual and interactive learning process<\/strong>. They enable studies that are equally<strong> accessible, flexible and inspiring<\/strong> \u2728 without neglecting the essential elements of personal encounters \ud83e\udd1d, critical reflection and collaborative learning \ud83d\udc65\ud83e\udde0.<\/p>\n\n\n\n<p><strong>Did we manage that? \ud83e\udd14<\/strong><br>The<strong> h\u00b2d\u00b2<\/strong> and <strong>eSALSA<\/strong> projects invite <strong>exchange<\/strong> and <strong>reflection<\/strong> <strong><strong>\ud83d\udcac<\/strong>\ud83e\ude9e<\/strong>.<br>What have we achieved? \ud83c\udfc1<br>What should continue, what can continue, what must not continue under any circumstances \u2705\u274c?<\/p>\n","protected":false},"featured_media":0,"template":"","class_list":["post-186","event","type-event","status-publish","hentry"],"acf":[],"_links":{"self":[{"href":"https:\/\/event.esalsa.de\/hochschulforum\/wp-json\/wp\/v2\/event\/186","targetHints":{"allow":["GET"]}}],"collection":[{"href":"https:\/\/event.esalsa.de\/hochschulforum\/wp-json\/wp\/v2\/event"}],"about":[{"href":"https:\/\/event.esalsa.de\/hochschulforum\/wp-json\/wp\/v2\/types\/event"}],"wp:attachment":[{"href":"https:\/\/event.esalsa.de\/hochschulforum\/wp-json\/wp\/v2\/media?parent=186"}],"curies":[{"name":"wp","href":"https:\/\/api.w.org\/{rel}","templated":true}]}}

<p>In einer Welt, in der die Digitalisierung von Studium und Lehre erfolgreich abgeschlossen ist, sind digitale Technologien kein Zusatz, sondern ein <strong>nahtlos integrierter Bestandteil</strong> eines <strong>exzellenten, individuellen und interaktiven Lernprozesses</strong>. Sie ermöglichen ein Studium, das gleichermaßen <strong>zugänglich, flexibel und inspirierend ✨</strong> ist, ohne dabei die essenziellen Elemente <strong>persönlicher Begegnung 🤝, kritischer Reflexion und kollaborativen Lernens 👥🧠</strong> zu vernachlässigen.</p>



<p><strong>Haben wir das geschafft? 🤔</strong><br>Die Projekte <strong>h²d²</strong> und <strong>eSALSA</strong> laden ein zum <strong>Austausch </strong>und zur <strong>Reflexion <strong>💬</strong>🪞</strong>.<br>Was haben wir erreicht? 🏁 <br>Was soll so weitergehen, was kann so weitergehen , was darf auf keinen Fall so weitergehen ✅❌?</p>



<hr class="wp-block-separator has-alpha-channel-opacity" />



<p><strong>+++++++++++ English version +++++++++++</strong></p>



<h2 class="wp-block-heading">Digitalization in studying and teaching &#8211; are we finished?</h2>



<p>In a world where the digitalization of studying and teaching has been successfully completed, digital technologies are not an add-on, but a <strong>seamlessly integrated part</strong> of an <strong>excellent, individual and interactive learning process</strong>. They enable studies that are equally<strong> accessible, flexible and inspiring</strong> ✨ without neglecting the essential elements of personal encounters 🤝, critical reflection and collaborative learning 👥🧠.</p>



<p><strong>Did we manage that? 🤔</strong><br>The<strong> h²d²</strong> and <strong>eSALSA</strong> projects invite <strong>exchange</strong> and <strong>reflection</strong> <strong><strong>💬</strong>🪞</strong>.<br>What have we achieved? 🏁<br>What should continue, what can continue, what must not continue under any circumstances ✅❌?</p>
