{"id":180,"date":"2025-02-06T11:25:46","date_gmt":"2025-02-06T10:25:46","guid":{"rendered":"https:\/\/event.esalsa.de\/hochschulforum\/?post_type=event&#038;p=180"},"modified":"2025-04-07T08:40:37","modified_gmt":"2025-04-07T06:40:37","slug":"zivilklausel","status":"publish","type":"event","link":"https:\/\/event.esalsa.de\/hochschulforum\/event\/zivilklausel\/","title":{"rendered":"AK Zivilklausel &#8211; Frieden und Wissenschaftsfreiheit"},"content":{"rendered":"\n<p>Der Akademische Senat der Hochschule Magdeburg-Stendal hat sich und alle Hochschulangeh\u00f6rigen am 17. Januar 2018 zu einer sogenannten Zivilklausel verpflicht. Diese besagt: <\/p>\n\n\n\n<figure class=\"wp-block-pullquote has-small-font-size\"><blockquote><p>&#8222;Forschung, Lehre und Studium an der Hochschule Magdeburg-Stendal sind friedlichen Zielen verpflichtet und sollen zivile Zwecke erf\u00fcllen; die Forschung, insbesondere die Entwicklung und Optimierung technischer Systeme, sowie Studium und Lehre sind auf eine zivile Verwendung ausgerichtet. Der Akademische Senat lehnt jede Beteiligung an Wissenschaft und Forschung mit milit\u00e4rischer Nutzung bzw. Zielsetzung ab und fordert die Mitglieder der Hochschule auf, Forschungsthemen und -mittel abzulehnen, die R\u00fcstungszwecken dienen.&#8220;<\/p><cite>Beschluss des Akademischen Senats der Hochschule Magdeburg-Stendal vom 17.01.2018<\/cite><\/blockquote><\/figure>\n\n\n\n<p> \ud83d\udce2 Doch was bedeutet das im Hinblick auf die weltweiten Umbr\u00fcche, die gegenw\u00e4rtigen Konflikte und Kriege sowie die Wissenschaftsfreiheit genau? Dies wollen wir im Workshop miteinander ergr\u00fcnden. <\/p>\n\n\n\n<p>\ud83d\udd39 <strong>Zentrale Fragen sind:<\/strong><br>\u2705 Was bedeuet diese Zivilklausel der Hochschule f\u00fcr uns Studierende, Lehrende, Besch\u00e4ftigte der Hochschule Magdeburg-Stendal in der jetzigen Zeit?<br>\u2705 Was k\u00f6nnen wir zu ihrer Umsetzung in unseren jeweiligen Lehr-, Lern-, Forschungs-, Arbeits- und Lebensbereichen beitragen?<\/p>\n\n\n\n<hr class=\"wp-block-separator has-alpha-channel-opacity\" \/>\n\n\n\n<p><strong>+++++++++++ English version +++++++++++<\/strong><\/p>\n\n\n\n<h2 class=\"wp-block-heading\">AK Zivilklausel &#8211; Peace and academic freedom<\/h2>\n\n\n\n<p>On January 17, 2018, the Academic Senate of Magdeburg-Stendal University of Applied Sciences committed itself and all university members to a so-called civil clause. This states:<\/p>\n\n\n\n<figure class=\"wp-block-pullquote\"><blockquote><p>\u201cResearch, teaching and studies at the Magdeburg-Stendal University of Applied Sciences are committed to peaceful goals and should fulfil civilian purposes; research, in particular the development and optimization of technical systems, as well as studies and teaching are geared towards civilian use. The Academic Senate rejects any participation in science and research with military use or objectives and calls on the members of the university to reject research topics and resources that serve armament purposes.\u201d<\/p><cite>Resolution of the Academic Senate of Magdeburg-Stendal University of Applied Sciences from 17.01.2018<\/cite><\/blockquote><\/figure>\n\n\n\n<p>\ud83d\udce2 But what exactly does this mean in terms of global upheaval, current conflicts and wars and academic freedom? We want to explore this together in the workshop.<\/p>\n\n\n\n<p><strong>\ud83d\udd39 The central questions are:<br><\/strong>\u2705 What does the university&#8217;s civil clause mean for us students, teaching staff and employees at Magdeburg-Stendal University of Applied Sciences at the present time?<br>\u2705 What can we contribute to its implementation in our respective areas of teaching, learning, research, work and life?<\/p>\n","protected":false},"featured_media":0,"template":"","class_list":["post-180","event","type-event","status-publish","hentry"],"acf":[],"_links":{"self":[{"href":"https:\/\/event.esalsa.de\/hochschulforum\/wp-json\/wp\/v2\/event\/180","targetHints":{"allow":["GET"]}}],"collection":[{"href":"https:\/\/event.esalsa.de\/hochschulforum\/wp-json\/wp\/v2\/event"}],"about":[{"href":"https:\/\/event.esalsa.de\/hochschulforum\/wp-json\/wp\/v2\/types\/event"}],"wp:attachment":[{"href":"https:\/\/event.esalsa.de\/hochschulforum\/wp-json\/wp\/v2\/media?parent=180"}],"curies":[{"name":"wp","href":"https:\/\/api.w.org\/{rel}","templated":true}]}}

<p>Der Akademische Senat der Hochschule Magdeburg-Stendal hat sich und alle Hochschulangehörigen am 17. Januar 2018 zu einer sogenannten Zivilklausel verpflicht. Diese besagt: </p>



<figure class="wp-block-pullquote has-small-font-size"><blockquote><p>&#8222;Forschung, Lehre und Studium an der Hochschule Magdeburg-Stendal sind friedlichen Zielen verpflichtet und sollen zivile Zwecke erfüllen; die Forschung, insbesondere die Entwicklung und Optimierung technischer Systeme, sowie Studium und Lehre sind auf eine zivile Verwendung ausgerichtet. Der Akademische Senat lehnt jede Beteiligung an Wissenschaft und Forschung mit militärischer Nutzung bzw. Zielsetzung ab und fordert die Mitglieder der Hochschule auf, Forschungsthemen und -mittel abzulehnen, die Rüstungszwecken dienen.&#8220;</p><cite>Beschluss des Akademischen Senats der Hochschule Magdeburg-Stendal vom 17.01.2018</cite></blockquote></figure>



<p> 📢 Doch was bedeutet das im Hinblick auf die weltweiten Umbrüche, die gegenwärtigen Konflikte und Kriege sowie die Wissenschaftsfreiheit genau? Dies wollen wir im Workshop miteinander ergründen. </p>



<p>🔹 <strong>Zentrale Fragen sind:</strong><br>✅ Was bedeuet diese Zivilklausel der Hochschule für uns Studierende, Lehrende, Beschäftigte der Hochschule Magdeburg-Stendal in der jetzigen Zeit?<br>✅ Was können wir zu ihrer Umsetzung in unseren jeweiligen Lehr-, Lern-, Forschungs-, Arbeits- und Lebensbereichen beitragen?</p>



<hr class="wp-block-separator has-alpha-channel-opacity" />



<p><strong>+++++++++++ English version +++++++++++</strong></p>



<h2 class="wp-block-heading">AK Zivilklausel &#8211; Peace and academic freedom</h2>



<p>On January 17, 2018, the Academic Senate of Magdeburg-Stendal University of Applied Sciences committed itself and all university members to a so-called civil clause. This states:</p>



<figure class="wp-block-pullquote"><blockquote><p>“Research, teaching and studies at the Magdeburg-Stendal University of Applied Sciences are committed to peaceful goals and should fulfil civilian purposes; research, in particular the development and optimization of technical systems, as well as studies and teaching are geared towards civilian use. The Academic Senate rejects any participation in science and research with military use or objectives and calls on the members of the university to reject research topics and resources that serve armament purposes.”</p><cite>Resolution of the Academic Senate of Magdeburg-Stendal University of Applied Sciences from 17.01.2018</cite></blockquote></figure>



<p>📢 But what exactly does this mean in terms of global upheaval, current conflicts and wars and academic freedom? We want to explore this together in the workshop.</p>



<p><strong>🔹 The central questions are:<br></strong>✅ What does the university&#8217;s civil clause mean for us students, teaching staff and employees at Magdeburg-Stendal University of Applied Sciences at the present time?<br>✅ What can we contribute to its implementation in our respective areas of teaching, learning, research, work and life?</p>
