{"id":35,"date":"2024-02-20T10:10:27","date_gmt":"2024-02-20T09:10:27","guid":{"rendered":"https:\/\/event.esalsa.de\/empirischesforschen\/?page_id=35"},"modified":"2026-04-21T11:53:26","modified_gmt":"2026-04-21T09:53:26","slug":"titel-der-konferenz","status":"publish","type":"page","link":"https:\/\/event.esalsa.de\/empirischesforschen\/","title":{"rendered":""},"content":{"rendered":"\n<figure class=\"wp-block-image aligncenter size-large\"><img loading=\"lazy\" decoding=\"async\" width=\"1024\" height=\"375\" src=\"https:\/\/event.esalsa.de\/empirischesforschen\/wp-content\/uploads\/sites\/85\/2026\/04\/Ver2_ueberarbeitet_13.03._7_WST_Bildschirmwerbung_converted-Seite4_cut-1024x375.png\" alt=\"\" class=\"wp-image-417\" srcset=\"https:\/\/event.esalsa.de\/empirischesforschen\/wp-content\/uploads\/sites\/85\/2026\/04\/Ver2_ueberarbeitet_13.03._7_WST_Bildschirmwerbung_converted-Seite4_cut-1024x375.png 1024w, https:\/\/event.esalsa.de\/empirischesforschen\/wp-content\/uploads\/sites\/85\/2026\/04\/Ver2_ueberarbeitet_13.03._7_WST_Bildschirmwerbung_converted-Seite4_cut-300x110.png 300w, https:\/\/event.esalsa.de\/empirischesforschen\/wp-content\/uploads\/sites\/85\/2026\/04\/Ver2_ueberarbeitet_13.03._7_WST_Bildschirmwerbung_converted-Seite4_cut-768x281.png 768w, https:\/\/event.esalsa.de\/empirischesforschen\/wp-content\/uploads\/sites\/85\/2026\/04\/Ver2_ueberarbeitet_13.03._7_WST_Bildschirmwerbung_converted-Seite4_cut-1536x563.png 1536w, https:\/\/event.esalsa.de\/empirischesforschen\/wp-content\/uploads\/sites\/85\/2026\/04\/Ver2_ueberarbeitet_13.03._7_WST_Bildschirmwerbung_converted-Seite4_cut-2048x751.png 2048w\" sizes=\"auto, (max-width: 1024px) 100vw, 1024px\" \/><\/figure>\n\n\n\n<hr class=\"wp-block-separator has-alpha-channel-opacity\" \/>\n\n\n\n<p>Der 7. Workshoptag &#8222;Empirisch Forschen! Aber Wie?&#8220; bietet Input, Austausch und praktische Unterst\u00fctzung f\u00fcr qualitative und quantitative Forschung sowie f\u00fcr den reflektierten Einsatz von KI im wissenschaftlichen Arbeiten. Das Angebot richtet sich an Studierende der Hochschule Magdeburg-Stendal, unabh\u00e4ngig davon, ob sie ein Forschungsvorhaben planen oder bereits mitten in einer Abschlussarbeit stecken. F\u00fcr die Teilnahme am Workshoptag ist eine Anmeldung erforderlich.<\/p>\n\n\n\n<hr class=\"wp-block-separator has-alpha-channel-opacity\" \/>\n\n\n\n<h4 class=\"wp-block-heading has-text-align-left\"><\/h4>\n\n\n\n<div class=\"wp-block-group has-global-padding is-layout-constrained wp-block-group-is-layout-constrained\"><\/div>\n\n\n\n<p><\/p>\n\n\n\n\n<div class=\"ce-congressstate\">\n\n<p>Der Workshoptag ist abgeschlossen. Vielen Dank an alle Teilnehmenden und Referierenden f\u00fcr ihre Beitr\u00e4ge und Unterst\u00fctzung. Gemeinsam haben wir wertvolle Einblicke gewonnen und Kontakte gekn\u00fcpft. Wir hoffen, die Veranstaltung war f\u00fcr Sie ebenso bereichernd wie f\u00fcr uns.&nbsp;<\/p>\n\n\n\n<p>F\u00fcr einen R\u00fcckblick und weitere Details besuchen Sie bitte unsere Veranstaltungsdokumentation <strong>[Link].<\/strong> Bleiben Sie f\u00fcr Informationen \u00fcber zuk\u00fcnftige Events mit uns in Verbindung. Herzlichen Dank f\u00fcr Ihre Teilnahme!<\/p>\n\n<\/div>\n\n\n<p>Falls Sie nach der Anmeldung doch nicht am Workshoptag teilnehmen k\u00f6nnen oder Ihre Auswahl \u00e4ndern m\u00f6chten, melden Sie sich bitte per Mail bei lena.mueller@h2.de.<\/p>\n\n\n\n<p><\/p>\n","protected":false},"excerpt":{"rendered":"<p>Der 7. Workshoptag &#8222;Empirisch Forschen! Aber Wie?&#8220; bietet Input, Austausch und praktische Unterst\u00fctzung f\u00fcr qualitative und quantitative Forschung sowie f\u00fcr den reflektierten Einsatz von KI im wissenschaftlichen Arbeiten. Das Angebot richtet sich an Studierende der Hochschule Magdeburg-Stendal, unabh\u00e4ngig davon, ob sie ein Forschungsvorhaben planen oder bereits mitten in einer Abschlussarbeit stecken. F\u00fcr die Teilnahme am [&hellip;]<\/p>\n","protected":false},"author":5,"featured_media":0,"parent":0,"menu_order":0,"comment_status":"closed","ping_status":"closed","template":"","meta":{"_acf_changed":false,"footnotes":""},"class_list":["post-35","page","type-page","status-publish","hentry"],"acf":[],"_links":{"self":[{"href":"https:\/\/event.esalsa.de\/empirischesforschen\/wp-json\/wp\/v2\/pages\/35","targetHints":{"allow":["GET"]}}],"collection":[{"href":"https:\/\/event.esalsa.de\/empirischesforschen\/wp-json\/wp\/v2\/pages"}],"about":[{"href":"https:\/\/event.esalsa.de\/empirischesforschen\/wp-json\/wp\/v2\/types\/page"}],"author":[{"embeddable":true,"href":"https:\/\/event.esalsa.de\/empirischesforschen\/wp-json\/wp\/v2\/users\/5"}],"replies":[{"embeddable":true,"href":"https:\/\/event.esalsa.de\/empirischesforschen\/wp-json\/wp\/v2\/comments?post=35"}],"version-history":[{"count":76,"href":"https:\/\/event.esalsa.de\/empirischesforschen\/wp-json\/wp\/v2\/pages\/35\/revisions"}],"predecessor-version":[{"id":444,"href":"https:\/\/event.esalsa.de\/empirischesforschen\/wp-json\/wp\/v2\/pages\/35\/revisions\/444"}],"wp:attachment":[{"href":"https:\/\/event.esalsa.de\/empirischesforschen\/wp-json\/wp\/v2\/media?parent=35"}],"curies":[{"name":"wp","href":"https:\/\/api.w.org\/{rel}","templated":true}]}}