{"id":35,"date":"2024-02-20T10:10:27","date_gmt":"2024-02-20T09:10:27","guid":{"rendered":"https:\/\/event.esalsa.de\/ctc-buergerveranstaltung\/?page_id=35"},"modified":"2026-03-04T09:55:57","modified_gmt":"2026-03-04T08:55:57","slug":"ctc-buergerveranstaltung","status":"publish","type":"page","link":"https:\/\/event.esalsa.de\/ctc-buergerveranstaltung\/","title":{"rendered":"Wandel regional sp\u00fcren: Wie das CTC den Strukturwandel mitgestaltet"},"content":{"rendered":"\n<figure class=\"wp-block-image aligncenter size-full is-resized\"><img loading=\"lazy\" decoding=\"async\" width=\"1000\" height=\"351\" src=\"https:\/\/event.esalsa.de\/ctc-buergerveranstaltung\/wp-content\/uploads\/sites\/89\/2026\/02\/CTC_primary_logo_long_bicolor_web.jpg\" alt=\"\" class=\"wp-image-316\" style=\"aspect-ratio:2.84900290404854;width:658px;height:auto\" srcset=\"https:\/\/event.esalsa.de\/ctc-buergerveranstaltung\/wp-content\/uploads\/sites\/89\/2026\/02\/CTC_primary_logo_long_bicolor_web.jpg 1000w, https:\/\/event.esalsa.de\/ctc-buergerveranstaltung\/wp-content\/uploads\/sites\/89\/2026\/02\/CTC_primary_logo_long_bicolor_web-300x105.jpg 300w, https:\/\/event.esalsa.de\/ctc-buergerveranstaltung\/wp-content\/uploads\/sites\/89\/2026\/02\/CTC_primary_logo_long_bicolor_web-768x270.jpg 768w\" sizes=\"auto, (max-width: 1000px) 100vw, 1000px\" \/><\/figure>\n\n\n\n\n\n\n\n\n<div class=\"ce-congressstate\">\n\n<p style=\"font-style:normal;font-weight:400\">Die Veranstaltung ist abgeschlossen. Vielen Dank an alle Teilnehmenden, Referierenden und Sponsor*innen f\u00fcr ihre Beitr\u00e4ge und Unterst\u00fctzung. Gemeinsam haben wir wertvolle Einblicke gewonnen und Kontakte gekn\u00fcpft. Wir hoffen, die Veranstaltung war f\u00fcr Sie ebenso bereichernd wie f\u00fcr uns.&nbsp;<\/p>\n\n\n\n<p style=\"font-style:normal;font-weight:400\">Herzlichen Dank f\u00fcr Ihre Teilnahme!<\/p>\n\n<\/div>\n\n\n<div style=\"height:100px\" aria-hidden=\"true\" class=\"wp-block-spacer\"><\/div>\n\n\n\n<p><\/p>\n","protected":false},"excerpt":{"rendered":"","protected":false},"author":5,"featured_media":0,"parent":0,"menu_order":0,"comment_status":"closed","ping_status":"closed","template":"","meta":{"_acf_changed":false,"footnotes":""},"class_list":["post-35","page","type-page","status-publish","hentry"],"acf":[],"_links":{"self":[{"href":"https:\/\/event.esalsa.de\/ctc-buergerveranstaltung\/wp-json\/wp\/v2\/pages\/35","targetHints":{"allow":["GET"]}}],"collection":[{"href":"https:\/\/event.esalsa.de\/ctc-buergerveranstaltung\/wp-json\/wp\/v2\/pages"}],"about":[{"href":"https:\/\/event.esalsa.de\/ctc-buergerveranstaltung\/wp-json\/wp\/v2\/types\/page"}],"author":[{"embeddable":true,"href":"https:\/\/event.esalsa.de\/ctc-buergerveranstaltung\/wp-json\/wp\/v2\/users\/5"}],"replies":[{"embeddable":true,"href":"https:\/\/event.esalsa.de\/ctc-buergerveranstaltung\/wp-json\/wp\/v2\/comments?post=35"}],"version-history":[{"count":68,"href":"https:\/\/event.esalsa.de\/ctc-buergerveranstaltung\/wp-json\/wp\/v2\/pages\/35\/revisions"}],"predecessor-version":[{"id":323,"href":"https:\/\/event.esalsa.de\/ctc-buergerveranstaltung\/wp-json\/wp\/v2\/pages\/35\/revisions\/323"}],"wp:attachment":[{"href":"https:\/\/event.esalsa.de\/ctc-buergerveranstaltung\/wp-json\/wp\/v2\/media?parent=35"}],"curies":[{"name":"wp","href":"https:\/\/api.w.org\/{rel}","templated":true}]}}

Wandel regional spüren: Wie das CTC den Strukturwandel mitgestaltet

<figure class="wp-block-image aligncenter size-full is-resized"><img loading="lazy" decoding="async" width="1000" height="351" src="https://event.esalsa.de/ctc-buergerveranstaltung/wp-content/uploads/sites/89/2026/02/CTC_primary_logo_long_bicolor_web.jpg" alt="" class="wp-image-316" style="aspect-ratio:2.84900290404854;width:658px;height:auto" srcset="https://event.esalsa.de/ctc-buergerveranstaltung/wp-content/uploads/sites/89/2026/02/CTC_primary_logo_long_bicolor_web.jpg 1000w, https://event.esalsa.de/ctc-buergerveranstaltung/wp-content/uploads/sites/89/2026/02/CTC_primary_logo_long_bicolor_web-300x105.jpg 300w, https://event.esalsa.de/ctc-buergerveranstaltung/wp-content/uploads/sites/89/2026/02/CTC_primary_logo_long_bicolor_web-768x270.jpg 768w" sizes="auto, (max-width: 1000px) 100vw, 1000px" /></figure>








<div class="ce-congressstate">

<p style="font-style:normal;font-weight:400">Die Veranstaltung ist abgeschlossen. Vielen Dank an alle Teilnehmenden, Referierenden und Sponsor*innen für ihre Beiträge und Unterstützung. Gemeinsam haben wir wertvolle Einblicke gewonnen und Kontakte geknüpft. Wir hoffen, die Veranstaltung war für Sie ebenso bereichernd wie für uns.&nbsp;</p>



<p style="font-style:normal;font-weight:400">Herzlichen Dank für Ihre Teilnahme!</p>

</div>


<div style="height:100px" aria-hidden="true" class="wp-block-spacer"></div>



<p></p>
