{"id":27,"date":"2024-02-20T10:08:06","date_gmt":"2024-02-20T09:08:06","guid":{"rendered":"https:\/\/event.esalsa.de\/ctc-buergerveranstaltung\/?page_id=27"},"modified":"2026-02-26T11:10:44","modified_gmt":"2026-02-26T10:10:44","slug":"programm","status":"publish","type":"page","link":"https:\/\/event.esalsa.de\/ctc-buergerveranstaltung\/programm\/","title":{"rendered":"Programm"},"content":{"rendered":"<div class='ce-timetable container'><\/div>\n\n<div class='ce-timetable container'><\/div>\n\n\n<p style=\"font-style:normal;font-weight:400\"><strong>17:00 Uhr | Begr\u00fc\u00dfung und offizielle Er\u00f6ffnung<\/strong><\/p>\n\n\n\n<ul class=\"wp-block-list\">\n<li style=\"font-style:normal;font-weight:400\">Staatssekret\u00e4r Thomas W\u00fcnsch, MWU Sachsen-Anhalt<\/li>\n\n\n\n<li style=\"font-style:normal;font-weight:400\">Hartmut Handschak, Landrat Saalekreis und Sebastian M\u00fcller-Bahr, Oberb\u00fcrgermeister Merseburg<\/li>\n\n\n\n<li style=\"font-style:normal;font-weight:400\">Prof. Markus Krabbes, Rektor Hochschule Merseburg<\/li>\n<\/ul>\n\n\n\n<p style=\"font-style:normal;font-weight:400\"><strong>Vortrag | \u00dcberblick zur aktuellen Entwicklung des CTC<\/strong><\/p>\n\n\n\n<p style=\"font-style:normal;font-weight:400\">Prof. Peter Seeberger, CTC-Gr\u00fcndungsdirektor \/ Dr. Lenz Fiedler, Head of Data-Management<\/p>\n\n\n\n<ul class=\"wp-block-list\">\n<li style=\"font-style:normal;font-weight:400\">R\u00fcckblick: Projekt- und Aufbauphase unter dem Dach des Max-Planck-Instituts<\/li>\n\n\n\n<li style=\"font-style:normal;font-weight:400\">Seit 01.01.2026: Start in die Eigenst\u00e4ndigkeit<\/li>\n\n\n\n<li style=\"font-style:normal;font-weight:400\">Einordnung in die Forschungslandschaft und Vision des Zentrums<\/li>\n\n\n\n<li style=\"font-style:normal;font-weight:400\">Wissenschaftliche Ausrichtung des Standorts<\/li>\n<\/ul>\n\n\n\n<p style=\"font-style:normal;font-weight:400\"><strong>Vortrag | Stand der Bauplanungen<\/strong><\/p>\n\n\n\n<p style=\"font-style:normal;font-weight:400\">Lars Reinhold, Leiter Bau- und Projektmanagement<\/p>\n\n\n\n<ul class=\"wp-block-list\">\n<li style=\"font-style:normal;font-weight:400\">Wo kann das \u201eLabor der Zukunft\u201c entstehen? Einblicke ins Bau- und Nutzungskonzept<\/li>\n\n\n\n<li style=\"font-style:normal;font-weight:400\">Aktueller Planungsstand und n\u00e4chste Meilensteine<\/li>\n<\/ul>\n\n\n\n<p style=\"font-style:normal;font-weight:400\"><strong>Ab ca. 18:00 Uhr | Offene Fragerunde und Ausklang der Veranstaltung<\/strong><\/p>\n","protected":false},"excerpt":{"rendered":"<p>17:00 Uhr | Begr\u00fc\u00dfung und offizielle Er\u00f6ffnung Vortrag | \u00dcberblick zur aktuellen Entwicklung des CTC Prof. Peter Seeberger, CTC-Gr\u00fcndungsdirektor \/ Dr. Lenz Fiedler, Head of Data-Management Vortrag | Stand der Bauplanungen Lars Reinhold, Leiter Bau- und Projektmanagement Ab ca. 18:00 Uhr | Offene Fragerunde und Ausklang der Veranstaltung<\/p>\n","protected":false},"author":5,"featured_media":0,"parent":0,"menu_order":0,"comment_status":"closed","ping_status":"closed","template":"","meta":{"_acf_changed":false,"footnotes":""},"class_list":["post-27","page","type-page","status-publish","hentry"],"acf":[],"_links":{"self":[{"href":"https:\/\/event.esalsa.de\/ctc-buergerveranstaltung\/wp-json\/wp\/v2\/pages\/27","targetHints":{"allow":["GET"]}}],"collection":[{"href":"https:\/\/event.esalsa.de\/ctc-buergerveranstaltung\/wp-json\/wp\/v2\/pages"}],"about":[{"href":"https:\/\/event.esalsa.de\/ctc-buergerveranstaltung\/wp-json\/wp\/v2\/types\/page"}],"author":[{"embeddable":true,"href":"https:\/\/event.esalsa.de\/ctc-buergerveranstaltung\/wp-json\/wp\/v2\/users\/5"}],"replies":[{"embeddable":true,"href":"https:\/\/event.esalsa.de\/ctc-buergerveranstaltung\/wp-json\/wp\/v2\/comments?post=27"}],"version-history":[{"count":12,"href":"https:\/\/event.esalsa.de\/ctc-buergerveranstaltung\/wp-json\/wp\/v2\/pages\/27\/revisions"}],"predecessor-version":[{"id":322,"href":"https:\/\/event.esalsa.de\/ctc-buergerveranstaltung\/wp-json\/wp\/v2\/pages\/27\/revisions\/322"}],"wp:attachment":[{"href":"https:\/\/event.esalsa.de\/ctc-buergerveranstaltung\/wp-json\/wp\/v2\/media?parent=27"}],"curies":[{"name":"wp","href":"https:\/\/api.w.org\/{rel}","templated":true}]}}

<div class='ce-timetable container'></div>

<div class='ce-timetable container'></div>


<p style="font-style:normal;font-weight:400"><strong>17:00 Uhr | Begrüßung und offizielle Eröffnung</strong></p>



<ul class="wp-block-list">
<li style="font-style:normal;font-weight:400">Staatssekretär Thomas Wünsch, MWU Sachsen-Anhalt</li>



<li style="font-style:normal;font-weight:400">Hartmut Handschak, Landrat Saalekreis und Sebastian Müller-Bahr, Oberbürgermeister Merseburg</li>



<li style="font-style:normal;font-weight:400">Prof. Markus Krabbes, Rektor Hochschule Merseburg</li>
</ul>



<p style="font-style:normal;font-weight:400"><strong>Vortrag | Überblick zur aktuellen Entwicklung des CTC</strong></p>



<p style="font-style:normal;font-weight:400">Prof. Peter Seeberger, CTC-Gründungsdirektor / Dr. Lenz Fiedler, Head of Data-Management</p>



<ul class="wp-block-list">
<li style="font-style:normal;font-weight:400">Rückblick: Projekt- und Aufbauphase unter dem Dach des Max-Planck-Instituts</li>



<li style="font-style:normal;font-weight:400">Seit 01.01.2026: Start in die Eigenständigkeit</li>



<li style="font-style:normal;font-weight:400">Einordnung in die Forschungslandschaft und Vision des Zentrums</li>



<li style="font-style:normal;font-weight:400">Wissenschaftliche Ausrichtung des Standorts</li>
</ul>



<p style="font-style:normal;font-weight:400"><strong>Vortrag | Stand der Bauplanungen</strong></p>



<p style="font-style:normal;font-weight:400">Lars Reinhold, Leiter Bau- und Projektmanagement</p>



<ul class="wp-block-list">
<li style="font-style:normal;font-weight:400">Wo kann das „Labor der Zukunft“ entstehen? Einblicke ins Bau- und Nutzungskonzept</li>



<li style="font-style:normal;font-weight:400">Aktueller Planungsstand und nächste Meilensteine</li>
</ul>



<p style="font-style:normal;font-weight:400"><strong>Ab ca. 18:00 Uhr | Offene Fragerunde und Ausklang der Veranstaltung</strong></p>

<p>17:00 Uhr | Begrüßung und offizielle Eröffnung Vortrag | Überblick zur aktuellen Entwicklung des CTC Prof. Peter Seeberger, CTC-Gründungsdirektor / Dr. Lenz Fiedler, Head of Data-Management Vortrag | Stand der Bauplanungen Lars Reinhold, Leiter Bau- und Projektmanagement Ab ca. 18:00 Uhr | Offene Fragerunde und Ausklang der Veranstaltung</p>
