{"id":73,"date":"2024-03-26T12:09:20","date_gmt":"2024-03-26T11:09:20","guid":{"rendered":"https:\/\/event.esalsa.de\/buerger-energie-tag\/?page_id=73"},"modified":"2026-04-20T14:54:32","modified_gmt":"2026-04-20T12:54:32","slug":"timetable","status":"publish","type":"page","link":"https:\/\/event.esalsa.de\/buerger-energie-tag\/timetable\/","title":{"rendered":"Veranstaltungsort"},"content":{"rendered":"\n<div class=\"wp-block-columns alignwide is-layout-flex wp-container-core-columns-is-layout-28f84493 wp-block-columns-is-layout-flex\">\n<div class=\"wp-block-column is-vertically-aligned-center is-layout-flow wp-block-column-is-layout-flow\" style=\"padding-right:0;padding-left:0\">\n<figure class=\"wp-block-image aligncenter size-large is-resized has-custom-border\" style=\"margin-top:0;margin-right:var(--wp--preset--spacing--30);margin-bottom:0;margin-left:var(--wp--preset--spacing--30)\"><img loading=\"lazy\" decoding=\"async\" width=\"1024\" height=\"683\" src=\"https:\/\/event.esalsa.de\/buerger-energie-tag\/wp-content\/uploads\/sites\/51\/2025\/05\/2025_04_Geb_02_Gruenes_Geb-9505-1024x683.jpg\" alt=\"\" class=\"wp-image-226\" style=\"border-radius:9px;width:379px;height:auto\" srcset=\"https:\/\/event.esalsa.de\/buerger-energie-tag\/wp-content\/uploads\/sites\/51\/2025\/05\/2025_04_Geb_02_Gruenes_Geb-9505-1024x683.jpg 1024w, https:\/\/event.esalsa.de\/buerger-energie-tag\/wp-content\/uploads\/sites\/51\/2025\/05\/2025_04_Geb_02_Gruenes_Geb-9505-300x200.jpg 300w, https:\/\/event.esalsa.de\/buerger-energie-tag\/wp-content\/uploads\/sites\/51\/2025\/05\/2025_04_Geb_02_Gruenes_Geb-9505-768x512.jpg 768w, https:\/\/event.esalsa.de\/buerger-energie-tag\/wp-content\/uploads\/sites\/51\/2025\/05\/2025_04_Geb_02_Gruenes_Geb-9505-1536x1024.jpg 1536w, https:\/\/event.esalsa.de\/buerger-energie-tag\/wp-content\/uploads\/sites\/51\/2025\/05\/2025_04_Geb_02_Gruenes_Geb-9505.jpg 1920w\" sizes=\"auto, (max-width: 1024px) 100vw, 1024px\" \/><\/figure>\n<\/div>\n\n\n\n<div class=\"wp-block-column is-vertically-aligned-center is-layout-flow wp-block-column-is-layout-flow\">\n<p class=\"has-text-align-left has-text-color has-link-color has-medium-font-size wp-elements-e4b301e529db500b53664927107b62fd\" style=\"color:#d40009\"><strong>Hochschule Anhalt<br>Bernburger Str. 55<br>06366 K\u00f6then\/Anhalt<br><br>Geb\u00e4ude 2 (Gr\u00fcnes Geb\u00e4ude)<br>H\u00f6rsaal 02\/027<\/strong><\/p>\n\n\n\n<p class=\"has-text-color has-link-color has-medium-font-size wp-elements-fb8a7953a102d93d2dec612d08b6384c\" style=\"color:#d40009\"><strong>17:00 &#8211; 20:00 Uhr<\/strong><\/p>\n<\/div>\n<\/div>\n\n\n\n<p>Die Veranstaltung wird im Audimax des Gr\u00fcnen Geb\u00e4udes auf dem Campus der Hochschule Anhalt in K\u00f6then abgehalten. Als gr\u00f6\u00dfter H\u00f6rsaal des Standorts bietet das Audimax moderne technische Ausstattung f\u00fcr optimale Pr\u00e4sentationsbedingungen. Sie sind herzlich eingeladen, aktiv an der Diskussion teilzunehmen.<\/p>\n\n\n\n<p>Wenn Sie im Foyer sind, besuchen Sie gerne unseren Stand des H<sub>2<\/sub>HUB-Teams aus Sachsen-Anhalt. Sie finden uns direkt neben der Anmeldung. Dort informieren wir Sie umfassend \u00fcber unser Projekt und unsere Aktivit\u00e4ten. Wir freuen uns darauf, Sie kennenzulernen!<\/p>\n\n\n\n<p><strong>Parkplatz:<\/strong> Bitte verwenden Sie die \u00f6ffentlichen Parkpl\u00e4tze in der Bernburger Stra\u00dfe oder auf dem Campus. Zu den Parkpl\u00e4tzen auf dem Campus gelangen Sie \u00fcber die Zufahrten in der Bernburger Stra\u00dfe oder \u00fcber die Fasanerieallee an der Ecke Joachimiallee. Die Schranke hinter dem Roten Geb\u00e4ude wird f\u00fcr Sie ge\u00f6ffnet.<\/p>\n\n\n\n<p><\/p>\n","protected":false},"excerpt":{"rendered":"<p>Hochschule AnhaltBernburger Str. 5506366 K\u00f6then\/Anhalt Geb\u00e4ude 2 (Gr\u00fcnes Geb\u00e4ude)H\u00f6rsaal 02\/027 17:00 &#8211; 20:00 Uhr Die Veranstaltung wird im Audimax des Gr\u00fcnen Geb\u00e4udes auf dem Campus der Hochschule Anhalt in K\u00f6then abgehalten. Als gr\u00f6\u00dfter H\u00f6rsaal des Standorts bietet das Audimax moderne technische Ausstattung f\u00fcr optimale Pr\u00e4sentationsbedingungen. Sie sind herzlich eingeladen, aktiv an der Diskussion teilzunehmen. Wenn [&hellip;]<\/p>\n","protected":false},"author":5,"featured_media":226,"parent":0,"menu_order":0,"comment_status":"closed","ping_status":"closed","template":"","meta":{"_acf_changed":false,"footnotes":""},"class_list":["post-73","page","type-page","status-publish","has-post-thumbnail","hentry"],"acf":[],"_links":{"self":[{"href":"https:\/\/event.esalsa.de\/buerger-energie-tag\/wp-json\/wp\/v2\/pages\/73","targetHints":{"allow":["GET"]}}],"collection":[{"href":"https:\/\/event.esalsa.de\/buerger-energie-tag\/wp-json\/wp\/v2\/pages"}],"about":[{"href":"https:\/\/event.esalsa.de\/buerger-energie-tag\/wp-json\/wp\/v2\/types\/page"}],"author":[{"embeddable":true,"href":"https:\/\/event.esalsa.de\/buerger-energie-tag\/wp-json\/wp\/v2\/users\/5"}],"replies":[{"embeddable":true,"href":"https:\/\/event.esalsa.de\/buerger-energie-tag\/wp-json\/wp\/v2\/comments?post=73"}],"version-history":[{"count":36,"href":"https:\/\/event.esalsa.de\/buerger-energie-tag\/wp-json\/wp\/v2\/pages\/73\/revisions"}],"predecessor-version":[{"id":351,"href":"https:\/\/event.esalsa.de\/buerger-energie-tag\/wp-json\/wp\/v2\/pages\/73\/revisions\/351"}],"wp:featuredmedia":[{"embeddable":true,"href":"https:\/\/event.esalsa.de\/buerger-energie-tag\/wp-json\/wp\/v2\/media\/226"}],"wp:attachment":[{"href":"https:\/\/event.esalsa.de\/buerger-energie-tag\/wp-json\/wp\/v2\/media?parent=73"}],"curies":[{"name":"wp","href":"https:\/\/api.w.org\/{rel}","templated":true}]}}

<div class="wp-block-columns alignwide is-layout-flex wp-container-core-columns-is-layout-28f84493 wp-block-columns-is-layout-flex">
<div class="wp-block-column is-vertically-aligned-center is-layout-flow wp-block-column-is-layout-flow" style="padding-right:0;padding-left:0">
<figure class="wp-block-image aligncenter size-large is-resized has-custom-border" style="margin-top:0;margin-right:var(--wp--preset--spacing--30);margin-bottom:0;margin-left:var(--wp--preset--spacing--30)"><img loading="lazy" decoding="async" width="1024" height="683" src="https://event.esalsa.de/buerger-energie-tag/wp-content/uploads/sites/51/2025/05/2025_04_Geb_02_Gruenes_Geb-9505-1024x683.jpg" alt="" class="wp-image-226" style="border-radius:9px;width:379px;height:auto" srcset="https://event.esalsa.de/buerger-energie-tag/wp-content/uploads/sites/51/2025/05/2025_04_Geb_02_Gruenes_Geb-9505-1024x683.jpg 1024w, https://event.esalsa.de/buerger-energie-tag/wp-content/uploads/sites/51/2025/05/2025_04_Geb_02_Gruenes_Geb-9505-300x200.jpg 300w, https://event.esalsa.de/buerger-energie-tag/wp-content/uploads/sites/51/2025/05/2025_04_Geb_02_Gruenes_Geb-9505-768x512.jpg 768w, https://event.esalsa.de/buerger-energie-tag/wp-content/uploads/sites/51/2025/05/2025_04_Geb_02_Gruenes_Geb-9505-1536x1024.jpg 1536w, https://event.esalsa.de/buerger-energie-tag/wp-content/uploads/sites/51/2025/05/2025_04_Geb_02_Gruenes_Geb-9505.jpg 1920w" sizes="auto, (max-width: 1024px) 100vw, 1024px" /></figure>
</div>



<div class="wp-block-column is-vertically-aligned-center is-layout-flow wp-block-column-is-layout-flow">
<p class="has-text-align-left has-text-color has-link-color has-medium-font-size wp-elements-e4b301e529db500b53664927107b62fd" style="color:#d40009"><strong>Hochschule Anhalt<br>Bernburger Str. 55<br>06366 Köthen/Anhalt<br><br>Gebäude 2 (Grünes Gebäude)<br>Hörsaal 02/027</strong></p>



<p class="has-text-color has-link-color has-medium-font-size wp-elements-fb8a7953a102d93d2dec612d08b6384c" style="color:#d40009"><strong>17:00 &#8211; 20:00 Uhr</strong></p>
</div>
</div>



<p>Die Veranstaltung wird im Audimax des Grünen Gebäudes auf dem Campus der Hochschule Anhalt in Köthen abgehalten. Als größter Hörsaal des Standorts bietet das Audimax moderne technische Ausstattung für optimale Präsentationsbedingungen. Sie sind herzlich eingeladen, aktiv an der Diskussion teilzunehmen.</p>



<p>Wenn Sie im Foyer sind, besuchen Sie gerne unseren Stand des H<sub>2</sub>HUB-Teams aus Sachsen-Anhalt. Sie finden uns direkt neben der Anmeldung. Dort informieren wir Sie umfassend über unser Projekt und unsere Aktivitäten. Wir freuen uns darauf, Sie kennenzulernen!</p>



<p><strong>Parkplatz:</strong> Bitte verwenden Sie die öffentlichen Parkplätze in der Bernburger Straße oder auf dem Campus. Zu den Parkplätzen auf dem Campus gelangen Sie über die Zufahrten in der Bernburger Straße oder über die Fasanerieallee an der Ecke Joachimiallee. Die Schranke hinter dem Roten Gebäude wird für Sie geöffnet.</p>



<p></p>

<p>Hochschule AnhaltBernburger Str. 5506366 Köthen/Anhalt Gebäude 2 (Grünes Gebäude)Hörsaal 02/027 17:00 &#8211; 20:00 Uhr Die Veranstaltung wird im Audimax des Grünen Gebäudes auf dem Campus der Hochschule Anhalt in Köthen abgehalten. Als größter Hörsaal des Standorts bietet das Audimax moderne technische Ausstattung für optimale Präsentationsbedingungen. Sie sind herzlich eingeladen, aktiv an der Diskussion teilzunehmen. Wenn [&hellip;]</p>
