{"id":35,"date":"2024-02-20T10:10:27","date_gmt":"2024-02-20T09:10:27","guid":{"rendered":"https:\/\/event.esalsa.de\/buerger-energie-tag\/?page_id=35"},"modified":"2026-04-20T16:25:30","modified_gmt":"2026-04-20T14:25:30","slug":"titel-der-konferenz","status":"publish","type":"page","link":"https:\/\/event.esalsa.de\/buerger-energie-tag\/","title":{"rendered":"2. B\u00fcrger Energie-Tag &#8211; Wasserstoff verstehen: Ein Blick vom Plenarsaal zum Wohnzimmer"},"content":{"rendered":"\n<div class=\"wp-block-cover is-light\"><img loading=\"lazy\" decoding=\"async\" width=\"1024\" height=\"536\" class=\"wp-block-cover__image-background wp-image-190 size-large\" alt=\"\" src=\"https:\/\/event.esalsa.de\/buerger-energie-tag\/wp-content\/uploads\/sites\/51\/2025\/05\/AdobeStock_712110533-1024x536.jpeg\" data-object-fit=\"cover\" srcset=\"https:\/\/event.esalsa.de\/buerger-energie-tag\/wp-content\/uploads\/sites\/51\/2025\/05\/AdobeStock_712110533-1024x536.jpeg 1024w, https:\/\/event.esalsa.de\/buerger-energie-tag\/wp-content\/uploads\/sites\/51\/2025\/05\/AdobeStock_712110533-300x157.jpeg 300w, https:\/\/event.esalsa.de\/buerger-energie-tag\/wp-content\/uploads\/sites\/51\/2025\/05\/AdobeStock_712110533-768x402.jpeg 768w, https:\/\/event.esalsa.de\/buerger-energie-tag\/wp-content\/uploads\/sites\/51\/2025\/05\/AdobeStock_712110533-1536x804.jpeg 1536w, https:\/\/event.esalsa.de\/buerger-energie-tag\/wp-content\/uploads\/sites\/51\/2025\/05\/AdobeStock_712110533-2048x1072.jpeg 2048w\" sizes=\"auto, (max-width: 1024px) 100vw, 1024px\" \/><span aria-hidden=\"true\" class=\"wp-block-cover__background has-background-dim-0 has-background-dim\" style=\"background-color:#d9e0d8\"><\/span><div class=\"wp-block-cover__inner-container has-global-padding is-layout-constrained wp-block-cover-is-layout-constrained\">\n<p><\/p>\n<\/div><\/div>\n\n\n\n<p class=\"has-text-align-center has-medium-font-size\"><\/p>\n\n\n<div class=\"ce-congressstate\">\n\n<p><strong>Willkommen zum 2. B\u00fcrger Energie-Tag!<\/strong><\/p>\n\n\n\n<p>Informieren Sie sich \u00fcber die zukunftsweisenden M\u00f6glichkeiten, wie Sonne, Wind und Wasserstoff unsere Energieversorgung revolutionieren k\u00f6nnen. Diese Veranstaltung richtet sich speziell an interessierte B\u00fcrger, die mehr \u00fcber erneuerbare Energien erfahren m\u00f6chten. Tauchen Sie ein in die Welt der neuesten Technologien der Photovoltaik-Branche und entdecken Sie innovative L\u00f6sungen f\u00fcr die private Energienutzung.<\/p>\n\n\n\n<p>Erfahren Sie, wie Sie Wasserstoff in Ihrem eigenen Haushalt nutzen k\u00f6nnen, und lassen Sie sich von der Vorstellung eines Windrads f\u00fcr Ihren Garten inspirieren. Unsere Experten stehen bereit, um Ihnen die praktischen Anwendungen und die Potenziale dieser Technologien n\u00e4herzubringen.<\/p>\n\n\n\n<p>Kommen Sie vorbei und starten Sie gemeinsam mit uns in eine nachhaltige Zukunft!<\/p>\n\n\n\n<p class=\"has-text-align-center has-large-font-size\"><strong>25. Juni 2026<br>17:00 &#8211; 20:00 Uhr<br>Hochschule Anhalt<\/strong><\/p>\n\n\n\n<div class=\"wp-block-buttons is-layout-flex wp-block-buttons-is-layout-flex\">\n<div class=\"wp-block-button\"><a class=\"wp-block-button__link has-primary-background-color has-background wp-element-button\" href=\"https:\/\/event.esalsa.de\/buerger-energie-tag\/programm\/\" style=\"border-top-left-radius:25px;border-top-right-radius:25px;border-bottom-left-radius:25px;border-bottom-right-radius:25px;box-shadow:none\">Zum Programm<\/a><\/div>\n\n\n\n<div class=\"wp-block-button is-style-fill\"><a class=\"wp-block-button__link has-primary-background-color has-background wp-element-button\" href=\"https:\/\/event.esalsa.de\/buerger-energie-tag\/konto\/\" style=\"border-style:none;border-width:0px;border-top-left-radius:25px;border-top-right-radius:25px;border-bottom-left-radius:25px;border-bottom-right-radius:25px;box-shadow:none\">Zur Anmeldung<\/a><\/div>\n<\/div>\n\n\n\n<p><br><\/p>\n\n\n\n<figure class=\"wp-block-image size-full is-resized\"><img loading=\"lazy\" decoding=\"async\" width=\"513\" height=\"523\" src=\"https:\/\/event.esalsa.de\/buerger-energie-tag\/wp-content\/uploads\/sites\/51\/2026\/04\/BMWE_Fz_2025_Office_de523x523.png\" alt=\"\" class=\"wp-image-377\" style=\"width:246px;height:auto\" srcset=\"https:\/\/event.esalsa.de\/buerger-energie-tag\/wp-content\/uploads\/sites\/51\/2026\/04\/BMWE_Fz_2025_Office_de523x523.png 513w, https:\/\/event.esalsa.de\/buerger-energie-tag\/wp-content\/uploads\/sites\/51\/2026\/04\/BMWE_Fz_2025_Office_de523x523-294x300.png 294w\" sizes=\"auto, (max-width: 513px) 100vw, 513px\" \/><\/figure>\n\n<\/div>\n\n\n\n\n\n<div class=\"ce-countdown aligncenter\" data-targetdate=\"2026-06-25T17:00:00+02:00\">\n    <ul>\n      <li><span class=\"days\">56<\/span>Tage<\/li>\n      <li><span class=\"hours\">6<\/span>Stunden<\/li>\n      <li><span class=\"minutes\">6<\/span>Minuten<\/li>\n      <li><span class=\"seconds\">4<\/span>Sekunden<\/li>\n    <\/ul>\n<\/div>\n","protected":false},"excerpt":{"rendered":"","protected":false},"author":5,"featured_media":190,"parent":0,"menu_order":0,"comment_status":"closed","ping_status":"closed","template":"","meta":{"_acf_changed":false,"footnotes":""},"class_list":["post-35","page","type-page","status-publish","has-post-thumbnail","hentry"],"acf":[],"_links":{"self":[{"href":"https:\/\/event.esalsa.de\/buerger-energie-tag\/wp-json\/wp\/v2\/pages\/35","targetHints":{"allow":["GET"]}}],"collection":[{"href":"https:\/\/event.esalsa.de\/buerger-energie-tag\/wp-json\/wp\/v2\/pages"}],"about":[{"href":"https:\/\/event.esalsa.de\/buerger-energie-tag\/wp-json\/wp\/v2\/types\/page"}],"author":[{"embeddable":true,"href":"https:\/\/event.esalsa.de\/buerger-energie-tag\/wp-json\/wp\/v2\/users\/5"}],"replies":[{"embeddable":true,"href":"https:\/\/event.esalsa.de\/buerger-energie-tag\/wp-json\/wp\/v2\/comments?post=35"}],"version-history":[{"count":58,"href":"https:\/\/event.esalsa.de\/buerger-energie-tag\/wp-json\/wp\/v2\/pages\/35\/revisions"}],"predecessor-version":[{"id":379,"href":"https:\/\/event.esalsa.de\/buerger-energie-tag\/wp-json\/wp\/v2\/pages\/35\/revisions\/379"}],"wp:featuredmedia":[{"embeddable":true,"href":"https:\/\/event.esalsa.de\/buerger-energie-tag\/wp-json\/wp\/v2\/media\/190"}],"wp:attachment":[{"href":"https:\/\/event.esalsa.de\/buerger-energie-tag\/wp-json\/wp\/v2\/media?parent=35"}],"curies":[{"name":"wp","href":"https:\/\/api.w.org\/{rel}","templated":true}]}}

2. Bürger Energie-Tag &#8211; Wasserstoff verstehen: Ein Blick vom Plenarsaal zum Wohnzimmer

<div class="wp-block-cover is-light"><img loading="lazy" decoding="async" width="1024" height="536" class="wp-block-cover__image-background wp-image-190 size-large" alt="" src="https://event.esalsa.de/buerger-energie-tag/wp-content/uploads/sites/51/2025/05/AdobeStock_712110533-1024x536.jpeg" data-object-fit="cover" srcset="https://event.esalsa.de/buerger-energie-tag/wp-content/uploads/sites/51/2025/05/AdobeStock_712110533-1024x536.jpeg 1024w, https://event.esalsa.de/buerger-energie-tag/wp-content/uploads/sites/51/2025/05/AdobeStock_712110533-300x157.jpeg 300w, https://event.esalsa.de/buerger-energie-tag/wp-content/uploads/sites/51/2025/05/AdobeStock_712110533-768x402.jpeg 768w, https://event.esalsa.de/buerger-energie-tag/wp-content/uploads/sites/51/2025/05/AdobeStock_712110533-1536x804.jpeg 1536w, https://event.esalsa.de/buerger-energie-tag/wp-content/uploads/sites/51/2025/05/AdobeStock_712110533-2048x1072.jpeg 2048w" sizes="auto, (max-width: 1024px) 100vw, 1024px" /><span aria-hidden="true" class="wp-block-cover__background has-background-dim-0 has-background-dim" style="background-color:#d9e0d8"></span><div class="wp-block-cover__inner-container has-global-padding is-layout-constrained wp-block-cover-is-layout-constrained">
<p></p>
</div></div>



<p class="has-text-align-center has-medium-font-size"></p>


<div class="ce-congressstate">

<p><strong>Willkommen zum 2. Bürger Energie-Tag!</strong></p>



<p>Informieren Sie sich über die zukunftsweisenden Möglichkeiten, wie Sonne, Wind und Wasserstoff unsere Energieversorgung revolutionieren können. Diese Veranstaltung richtet sich speziell an interessierte Bürger, die mehr über erneuerbare Energien erfahren möchten. Tauchen Sie ein in die Welt der neuesten Technologien der Photovoltaik-Branche und entdecken Sie innovative Lösungen für die private Energienutzung.</p>



<p>Erfahren Sie, wie Sie Wasserstoff in Ihrem eigenen Haushalt nutzen können, und lassen Sie sich von der Vorstellung eines Windrads für Ihren Garten inspirieren. Unsere Experten stehen bereit, um Ihnen die praktischen Anwendungen und die Potenziale dieser Technologien näherzubringen.</p>



<p>Kommen Sie vorbei und starten Sie gemeinsam mit uns in eine nachhaltige Zukunft!</p>



<p class="has-text-align-center has-large-font-size"><strong>25. Juni 2026<br>17:00 &#8211; 20:00 Uhr<br>Hochschule Anhalt</strong></p>



<div class="wp-block-buttons is-layout-flex wp-block-buttons-is-layout-flex">
<div class="wp-block-button"><a class="wp-block-button__link has-primary-background-color has-background wp-element-button" href="https://event.esalsa.de/buerger-energie-tag/programm/" style="border-top-left-radius:25px;border-top-right-radius:25px;border-bottom-left-radius:25px;border-bottom-right-radius:25px;box-shadow:none">Zum Programm</a></div>



<div class="wp-block-button is-style-fill"><a class="wp-block-button__link has-primary-background-color has-background wp-element-button" href="https://event.esalsa.de/buerger-energie-tag/konto/" style="border-style:none;border-width:0px;border-top-left-radius:25px;border-top-right-radius:25px;border-bottom-left-radius:25px;border-bottom-right-radius:25px;box-shadow:none">Zur Anmeldung</a></div>
</div>



<p><br></p>



<figure class="wp-block-image size-full is-resized"><img loading="lazy" decoding="async" width="513" height="523" src="https://event.esalsa.de/buerger-energie-tag/wp-content/uploads/sites/51/2026/04/BMWE_Fz_2025_Office_de523x523.png" alt="" class="wp-image-377" style="width:246px;height:auto" srcset="https://event.esalsa.de/buerger-energie-tag/wp-content/uploads/sites/51/2026/04/BMWE_Fz_2025_Office_de523x523.png 513w, https://event.esalsa.de/buerger-energie-tag/wp-content/uploads/sites/51/2026/04/BMWE_Fz_2025_Office_de523x523-294x300.png 294w" sizes="auto, (max-width: 513px) 100vw, 513px" /></figure>

</div>





<div class="ce-countdown aligncenter" data-targetdate="2026-06-25T17:00:00+02:00">
    <ul>
      <li><span class="days">56</span>Tage</li>
      <li><span class="hours">6</span>Stunden</li>
      <li><span class="minutes">6</span>Minuten</li>
      <li><span class="seconds">4</span>Sekunden</li>
    </ul>
</div>
