{"id":29,"date":"2024-02-20T10:08:49","date_gmt":"2024-02-20T09:08:49","guid":{"rendered":"https:\/\/event.esalsa.de\/buerger-energie-tag\/?page_id=29"},"modified":"2026-04-21T09:07:39","modified_gmt":"2026-04-21T07:07:39","slug":"rednerinnen","status":"publish","type":"page","link":"https:\/\/event.esalsa.de\/buerger-energie-tag\/rednerinnen\/","title":{"rendered":"Redner*innen"},"content":{"rendered":"<h2 class=\"wp-block-heading\">Redner*innen<\/h2><div class=\"container ce-speakergrid\">\n\n\n\n<article class=\"llzlobby-speaker\" itemscope itemtype=\"https:\/\/schema.org\/Event\">\n  <div class=\"llzlobby-speaker-wrapper__image\">\n    <img loading=\"lazy\" decoding=\"async\" width=\"716\" height=\"485\" src=\"https:\/\/event.esalsa.de\/buerger-energie-tag\/wp-content\/uploads\/sites\/51\/2026\/04\/image-e1776754340491.png\" class=\"llzlobby-speaker__image\" alt=\"\" srcset=\"https:\/\/event.esalsa.de\/buerger-energie-tag\/wp-content\/uploads\/sites\/51\/2026\/04\/image-e1776754340491.png 716w, https:\/\/event.esalsa.de\/buerger-energie-tag\/wp-content\/uploads\/sites\/51\/2026\/04\/image-e1776754340491-300x203.png 300w\" sizes=\"auto, (max-width: 716px) 100vw, 716px\" \/>  <\/div>\n  <h3 class=\"llzlobby-speaker__title\" itemprop=\"name\">\n    <a itemprop=\"url\" href=\"https:\/\/event.esalsa.de\/buerger-energie-tag\/speaker\/torsten-buechner\/\" target=\"_self\" class=\"stretched-link\">Donald Duck<\/a>\n  <\/h3>\n  <p class=\"llzlobby-speaker__description\" itemprop=\"description\">2007\u20132010: Studium der Quakonomik an der Universit\u00e4t Entenhausen, Nebenfach Pech- und Gl\u00fccksmanagement. 2011: Praktikum im Geldspeicher bei Onkel Dagobert, zust\u00e4ndig&#8230;<\/p>\n  <div class=\"llzlobby-event-wrapper__more\">\n  <a itemprop=\"url\" href=\"https:\/\/event.esalsa.de\/buerger-energie-tag\/speaker\/torsten-buechner\/\" target=\"_self\" class=\"button--more stretched-link\">\n    <span>Mehr erfahren >><\/span>\n  <\/a>                                  \n  <\/div>\n<\/article>\n\n\n\n<article class=\"llzlobby-speaker\" itemscope itemtype=\"https:\/\/schema.org\/Event\">\n  <div class=\"llzlobby-speaker-wrapper__image\">\n    <img loading=\"lazy\" decoding=\"async\" width=\"2284\" height=\"1626\" src=\"https:\/\/event.esalsa.de\/buerger-energie-tag\/wp-content\/uploads\/sites\/51\/2026\/04\/image-1-e1776754518976.png\" class=\"llzlobby-speaker__image\" alt=\"\" srcset=\"https:\/\/event.esalsa.de\/buerger-energie-tag\/wp-content\/uploads\/sites\/51\/2026\/04\/image-1-e1776754518976.png 2284w, https:\/\/event.esalsa.de\/buerger-energie-tag\/wp-content\/uploads\/sites\/51\/2026\/04\/image-1-e1776754518976-300x214.png 300w, https:\/\/event.esalsa.de\/buerger-energie-tag\/wp-content\/uploads\/sites\/51\/2026\/04\/image-1-e1776754518976-1024x729.png 1024w, https:\/\/event.esalsa.de\/buerger-energie-tag\/wp-content\/uploads\/sites\/51\/2026\/04\/image-1-e1776754518976-768x547.png 768w, https:\/\/event.esalsa.de\/buerger-energie-tag\/wp-content\/uploads\/sites\/51\/2026\/04\/image-1-e1776754518976-1536x1093.png 1536w, https:\/\/event.esalsa.de\/buerger-energie-tag\/wp-content\/uploads\/sites\/51\/2026\/04\/image-1-e1776754518976-2048x1458.png 2048w\" sizes=\"auto, (max-width: 2284px) 100vw, 2284px\" \/>  <\/div>\n  <h3 class=\"llzlobby-speaker__title\" itemprop=\"name\">\n    <a itemprop=\"url\" href=\"https:\/\/event.esalsa.de\/buerger-energie-tag\/speaker\/andreas-schuhmann\/\" target=\"_self\" class=\"stretched-link\">Batman<\/a>\n  <\/h3>\n  <p class=\"llzlobby-speaker__description\" itemprop=\"description\">2001\u20132004: Studium der Kriminologie und Ingenieurwissenschaften an der Gotham University; Nebenfach B\u00fchnen- und Maskenbild. 2005: Intensivtraining in Taktik, Forensik und&#8230;<\/p>\n  <div class=\"llzlobby-event-wrapper__more\">\n  <a itemprop=\"url\" href=\"https:\/\/event.esalsa.de\/buerger-energie-tag\/speaker\/andreas-schuhmann\/\" target=\"_self\" class=\"button--more stretched-link\">\n    <span>Mehr erfahren >><\/span>\n  <\/a>                                  \n  <\/div>\n<\/article>\n\n\n\n<article class=\"llzlobby-speaker\" itemscope itemtype=\"https:\/\/schema.org\/Event\">\n  <div class=\"llzlobby-speaker-wrapper__image\">\n    <img loading=\"lazy\" decoding=\"async\" width=\"640\" height=\"498\" src=\"https:\/\/event.esalsa.de\/buerger-energie-tag\/wp-content\/uploads\/sites\/51\/2026\/04\/image-2-e1776754841218.png\" class=\"llzlobby-speaker__image\" alt=\"\" srcset=\"https:\/\/event.esalsa.de\/buerger-energie-tag\/wp-content\/uploads\/sites\/51\/2026\/04\/image-2-e1776754841218.png 640w, https:\/\/event.esalsa.de\/buerger-energie-tag\/wp-content\/uploads\/sites\/51\/2026\/04\/image-2-e1776754841218-300x233.png 300w\" sizes=\"auto, (max-width: 640px) 100vw, 640px\" \/>  <\/div>\n  <h3 class=\"llzlobby-speaker__title\" itemprop=\"name\">\n    <a itemprop=\"url\" href=\"https:\/\/event.esalsa.de\/buerger-energie-tag\/speaker\/sebastian-tannert\/\" target=\"_self\" class=\"stretched-link\">Steve Urkel<\/a>\n  <\/h3>\n  <p class=\"llzlobby-speaker__description\" itemprop=\"description\">1993\u20131996: Sch\u00fclerpraktika in angewandter Tollpatschphysik; Entwicklung der Selbst-Hosentr\u00e4ger-Nachspannvorrichtung. 1997\u20132000: Studium der Nerdwissenschaften an der Uni Chicago, Nebenfach K\u00e4severkostung und Polka&#8230;.<\/p>\n  <div class=\"llzlobby-event-wrapper__more\">\n  <a itemprop=\"url\" href=\"https:\/\/event.esalsa.de\/buerger-energie-tag\/speaker\/sebastian-tannert\/\" target=\"_self\" class=\"button--more stretched-link\">\n    <span>Mehr erfahren >><\/span>\n  <\/a>                                  \n  <\/div>\n<\/article>\n\n\n\n<article class=\"llzlobby-speaker\" itemscope itemtype=\"https:\/\/schema.org\/Event\">\n  <div class=\"llzlobby-speaker-wrapper__image\">\n    <img loading=\"lazy\" decoding=\"async\" width=\"1308\" height=\"964\" src=\"https:\/\/event.esalsa.de\/buerger-energie-tag\/wp-content\/uploads\/sites\/51\/2025\/05\/20250430_090203-scaled-e1746688911258.jpg\" class=\"llzlobby-speaker__image\" alt=\"\" srcset=\"https:\/\/event.esalsa.de\/buerger-energie-tag\/wp-content\/uploads\/sites\/51\/2025\/05\/20250430_090203-scaled-e1746688911258.jpg 1308w, https:\/\/event.esalsa.de\/buerger-energie-tag\/wp-content\/uploads\/sites\/51\/2025\/05\/20250430_090203-scaled-e1746688911258-300x221.jpg 300w, https:\/\/event.esalsa.de\/buerger-energie-tag\/wp-content\/uploads\/sites\/51\/2025\/05\/20250430_090203-scaled-e1746688911258-1024x755.jpg 1024w, https:\/\/event.esalsa.de\/buerger-energie-tag\/wp-content\/uploads\/sites\/51\/2025\/05\/20250430_090203-scaled-e1746688911258-768x566.jpg 768w\" sizes=\"auto, (max-width: 1308px) 100vw, 1308px\" \/>  <\/div>\n  <h3 class=\"llzlobby-speaker__title\" itemprop=\"name\">\n    <a itemprop=\"url\" href=\"https:\/\/event.esalsa.de\/buerger-energie-tag\/speaker\/matthias-zebrowski\/\" target=\"_self\" class=\"stretched-link\">Matthias Zebrowski<\/a>\n  <\/h3>\n  <p class=\"llzlobby-speaker__description\" itemprop=\"description\">Matthias Zebrowski, der 34-j\u00e4hrige Heizungs- und L\u00fcftungsbaumeister, bringt seine Expertise in die Hochschule Anhalt ein, wo er f\u00fcr die Planung&#8230;<\/p>\n  <div class=\"llzlobby-event-wrapper__more\">\n  <a itemprop=\"url\" href=\"https:\/\/event.esalsa.de\/buerger-energie-tag\/speaker\/matthias-zebrowski\/\" target=\"_self\" class=\"button--more stretched-link\">\n    <span>Mehr erfahren >><\/span>\n  <\/a>                                  \n  <\/div>\n<\/article><\/div>","protected":false},"excerpt":{"rendered":"","protected":false},"author":5,"featured_media":0,"parent":0,"menu_order":0,"comment_status":"closed","ping_status":"closed","template":"","meta":{"_acf_changed":false,"footnotes":""},"class_list":["post-29","page","type-page","status-publish","hentry"],"acf":[],"_links":{"self":[{"href":"https:\/\/event.esalsa.de\/buerger-energie-tag\/wp-json\/wp\/v2\/pages\/29","targetHints":{"allow":["GET"]}}],"collection":[{"href":"https:\/\/event.esalsa.de\/buerger-energie-tag\/wp-json\/wp\/v2\/pages"}],"about":[{"href":"https:\/\/event.esalsa.de\/buerger-energie-tag\/wp-json\/wp\/v2\/types\/page"}],"author":[{"embeddable":true,"href":"https:\/\/event.esalsa.de\/buerger-energie-tag\/wp-json\/wp\/v2\/users\/5"}],"replies":[{"embeddable":true,"href":"https:\/\/event.esalsa.de\/buerger-energie-tag\/wp-json\/wp\/v2\/comments?post=29"}],"version-history":[{"count":12,"href":"https:\/\/event.esalsa.de\/buerger-energie-tag\/wp-json\/wp\/v2\/pages\/29\/revisions"}],"predecessor-version":[{"id":391,"href":"https:\/\/event.esalsa.de\/buerger-energie-tag\/wp-json\/wp\/v2\/pages\/29\/revisions\/391"}],"wp:attachment":[{"href":"https:\/\/event.esalsa.de\/buerger-energie-tag\/wp-json\/wp\/v2\/media?parent=29"}],"curies":[{"name":"wp","href":"https:\/\/api.w.org\/{rel}","templated":true}]}}

<h2 class="wp-block-heading">Redner*innen</h2><div class="container ce-speakergrid">



<article class="llzlobby-speaker" itemscope itemtype="https://schema.org/Event">
  <div class="llzlobby-speaker-wrapper__image">
    <img loading="lazy" decoding="async" width="716" height="485" src="https://event.esalsa.de/buerger-energie-tag/wp-content/uploads/sites/51/2026/04/image-e1776754340491.png" class="llzlobby-speaker__image" alt="" srcset="https://event.esalsa.de/buerger-energie-tag/wp-content/uploads/sites/51/2026/04/image-e1776754340491.png 716w, https://event.esalsa.de/buerger-energie-tag/wp-content/uploads/sites/51/2026/04/image-e1776754340491-300x203.png 300w" sizes="auto, (max-width: 716px) 100vw, 716px" />  </div>
  <h3 class="llzlobby-speaker__title" itemprop="name">
    <a itemprop="url" href="https://event.esalsa.de/buerger-energie-tag/speaker/torsten-buechner/" target="_self" class="stretched-link">Donald Duck</a>
  </h3>
  <p class="llzlobby-speaker__description" itemprop="description">2007–2010: Studium der Quakonomik an der Universität Entenhausen, Nebenfach Pech- und Glücksmanagement. 2011: Praktikum im Geldspeicher bei Onkel Dagobert, zuständig&#8230;</p>
  <div class="llzlobby-event-wrapper__more">
  <a itemprop="url" href="https://event.esalsa.de/buerger-energie-tag/speaker/torsten-buechner/" target="_self" class="button--more stretched-link">
    <span>Mehr erfahren >></span>
  </a>                                  
  </div>
</article>



<article class="llzlobby-speaker" itemscope itemtype="https://schema.org/Event">
  <div class="llzlobby-speaker-wrapper__image">
    <img loading="lazy" decoding="async" width="2284" height="1626" src="https://event.esalsa.de/buerger-energie-tag/wp-content/uploads/sites/51/2026/04/image-1-e1776754518976.png" class="llzlobby-speaker__image" alt="" srcset="https://event.esalsa.de/buerger-energie-tag/wp-content/uploads/sites/51/2026/04/image-1-e1776754518976.png 2284w, https://event.esalsa.de/buerger-energie-tag/wp-content/uploads/sites/51/2026/04/image-1-e1776754518976-300x214.png 300w, https://event.esalsa.de/buerger-energie-tag/wp-content/uploads/sites/51/2026/04/image-1-e1776754518976-1024x729.png 1024w, https://event.esalsa.de/buerger-energie-tag/wp-content/uploads/sites/51/2026/04/image-1-e1776754518976-768x547.png 768w, https://event.esalsa.de/buerger-energie-tag/wp-content/uploads/sites/51/2026/04/image-1-e1776754518976-1536x1093.png 1536w, https://event.esalsa.de/buerger-energie-tag/wp-content/uploads/sites/51/2026/04/image-1-e1776754518976-2048x1458.png 2048w" sizes="auto, (max-width: 2284px) 100vw, 2284px" />  </div>
  <h3 class="llzlobby-speaker__title" itemprop="name">
    <a itemprop="url" href="https://event.esalsa.de/buerger-energie-tag/speaker/andreas-schuhmann/" target="_self" class="stretched-link">Batman</a>
  </h3>
  <p class="llzlobby-speaker__description" itemprop="description">2001–2004: Studium der Kriminologie und Ingenieurwissenschaften an der Gotham University; Nebenfach Bühnen- und Maskenbild. 2005: Intensivtraining in Taktik, Forensik und&#8230;</p>
  <div class="llzlobby-event-wrapper__more">
  <a itemprop="url" href="https://event.esalsa.de/buerger-energie-tag/speaker/andreas-schuhmann/" target="_self" class="button--more stretched-link">
    <span>Mehr erfahren >></span>
  </a>                                  
  </div>
</article>



<article class="llzlobby-speaker" itemscope itemtype="https://schema.org/Event">
  <div class="llzlobby-speaker-wrapper__image">
    <img loading="lazy" decoding="async" width="640" height="498" src="https://event.esalsa.de/buerger-energie-tag/wp-content/uploads/sites/51/2026/04/image-2-e1776754841218.png" class="llzlobby-speaker__image" alt="" srcset="https://event.esalsa.de/buerger-energie-tag/wp-content/uploads/sites/51/2026/04/image-2-e1776754841218.png 640w, https://event.esalsa.de/buerger-energie-tag/wp-content/uploads/sites/51/2026/04/image-2-e1776754841218-300x233.png 300w" sizes="auto, (max-width: 640px) 100vw, 640px" />  </div>
  <h3 class="llzlobby-speaker__title" itemprop="name">
    <a itemprop="url" href="https://event.esalsa.de/buerger-energie-tag/speaker/sebastian-tannert/" target="_self" class="stretched-link">Steve Urkel</a>
  </h3>
  <p class="llzlobby-speaker__description" itemprop="description">1993–1996: Schülerpraktika in angewandter Tollpatschphysik; Entwicklung der Selbst-Hosenträger-Nachspannvorrichtung. 1997–2000: Studium der Nerdwissenschaften an der Uni Chicago, Nebenfach Käseverkostung und Polka&#8230;.</p>
  <div class="llzlobby-event-wrapper__more">
  <a itemprop="url" href="https://event.esalsa.de/buerger-energie-tag/speaker/sebastian-tannert/" target="_self" class="button--more stretched-link">
    <span>Mehr erfahren >></span>
  </a>                                  
  </div>
</article>



<article class="llzlobby-speaker" itemscope itemtype="https://schema.org/Event">
  <div class="llzlobby-speaker-wrapper__image">
    <img loading="lazy" decoding="async" width="1308" height="964" src="https://event.esalsa.de/buerger-energie-tag/wp-content/uploads/sites/51/2025/05/20250430_090203-scaled-e1746688911258.jpg" class="llzlobby-speaker__image" alt="" srcset="https://event.esalsa.de/buerger-energie-tag/wp-content/uploads/sites/51/2025/05/20250430_090203-scaled-e1746688911258.jpg 1308w, https://event.esalsa.de/buerger-energie-tag/wp-content/uploads/sites/51/2025/05/20250430_090203-scaled-e1746688911258-300x221.jpg 300w, https://event.esalsa.de/buerger-energie-tag/wp-content/uploads/sites/51/2025/05/20250430_090203-scaled-e1746688911258-1024x755.jpg 1024w, https://event.esalsa.de/buerger-energie-tag/wp-content/uploads/sites/51/2025/05/20250430_090203-scaled-e1746688911258-768x566.jpg 768w" sizes="auto, (max-width: 1308px) 100vw, 1308px" />  </div>
  <h3 class="llzlobby-speaker__title" itemprop="name">
    <a itemprop="url" href="https://event.esalsa.de/buerger-energie-tag/speaker/matthias-zebrowski/" target="_self" class="stretched-link">Matthias Zebrowski</a>
  </h3>
  <p class="llzlobby-speaker__description" itemprop="description">Matthias Zebrowski, der 34-jährige Heizungs- und Lüftungsbaumeister, bringt seine Expertise in die Hochschule Anhalt ein, wo er für die Planung&#8230;</p>
  <div class="llzlobby-event-wrapper__more">
  <a itemprop="url" href="https://event.esalsa.de/buerger-energie-tag/speaker/matthias-zebrowski/" target="_self" class="button--more stretched-link">
    <span>Mehr erfahren >></span>
  </a>                                  
  </div>
</article></div>
